{"id":563,"date":"2012-08-31T09:04:31","date_gmt":"2012-08-31T09:04:31","guid":{"rendered":"http:\/\/hoyaer-eisenbahn.de\/?page_id=563"},"modified":"2015-09-17T10:42:43","modified_gmt":"2015-09-17T10:42:43","slug":"v22","status":"publish","type":"page","link":"http:\/\/hoyaer-eisenbahn.de\/?page_id=563","title":{"rendered":"V22"},"content":{"rendered":"<p><strong>Baureihe:<\/strong> G 763 C<br \/>\n<strong>Hersteller:<\/strong> MaK<br \/>\n<strong>Fabriknummer:<\/strong> 700093<br \/>\n<strong>Baujahr:<\/strong> 1989<\/p>\n<ul>\n<li>1989 &#8211; Lieferung an die Siegener Kreisbahn als Lok &#8222;31&#8220;<\/li>\n<li>2009 &#8211; Vermietung an Thyssen-Krupp Duisburg, Werk Ferndorf<\/li>\n<li>2009 &#8211; Vermietung an BASF Antwerpen<\/li>\n<li>2011 &#8211; Verkauf an Verkehrsbetriebe Grafschaft Hoya (VGH) als Lok &#8222;V22&#8220;<\/li>\n<\/ul>\n<p><a href=\"http:\/\/hoyaer-eisenbahn.de\/wp-content\/uploads\/2012\/08\/tn_V22-2011-05-03_01.jpg\" target=\"_blank\"><img loading=\"lazy\" decoding=\"async\" class=\"alignnone  wp-image-548\" title=\"tn_V22 2011-05-03_01\" alt=\"\" src=\"http:\/\/hoyaer-eisenbahn.de\/wp-content\/uploads\/2012\/08\/tn_V22-2011-05-03_01-300x225.jpg\" width=\"180\" height=\"135\" srcset=\"http:\/\/hoyaer-eisenbahn.de\/wp-content\/uploads\/2012\/08\/tn_V22-2011-05-03_01-300x225.jpg 300w, http:\/\/hoyaer-eisenbahn.de\/wp-content\/uploads\/2012\/08\/tn_V22-2011-05-03_01.jpg 640w\" sizes=\"(max-width: 180px) 100vw, 180px\" \/><\/a>\u00a0 <a href=\"http:\/\/hoyaer-eisenbahn.de\/wp-content\/uploads\/2012\/08\/tn_V22-2012-04-23_01.jpg\" target=\"_blank\"><img loading=\"lazy\" decoding=\"async\" class=\"alignnone  wp-image-543\" title=\"tn_V22 2012-04-23_01\" alt=\"\" src=\"http:\/\/hoyaer-eisenbahn.de\/wp-content\/uploads\/2012\/08\/tn_V22-2012-04-23_01-300x225.jpg\" width=\"180\" height=\"135\" srcset=\"http:\/\/hoyaer-eisenbahn.de\/wp-content\/uploads\/2012\/08\/tn_V22-2012-04-23_01-300x225.jpg 300w, http:\/\/hoyaer-eisenbahn.de\/wp-content\/uploads\/2012\/08\/tn_V22-2012-04-23_01.jpg 640w\" sizes=\"(max-width: 180px) 100vw, 180px\" \/><\/a>\u00a0 <a href=\"http:\/\/hoyaer-eisenbahn.de\/wp-content\/uploads\/2012\/08\/tn_V22-2011-08-26_04.jpg\" target=\"_blank\"><img loading=\"lazy\" decoding=\"async\" class=\"alignnone  wp-image-544\" title=\"tn_V22 2011-08-26_04\" alt=\"\" src=\"http:\/\/hoyaer-eisenbahn.de\/wp-content\/uploads\/2012\/08\/tn_V22-2011-08-26_04-300x225.jpg\" width=\"180\" height=\"135\" srcset=\"http:\/\/hoyaer-eisenbahn.de\/wp-content\/uploads\/2012\/08\/tn_V22-2011-08-26_04-300x225.jpg 300w, http:\/\/hoyaer-eisenbahn.de\/wp-content\/uploads\/2012\/08\/tn_V22-2011-08-26_04.jpg 640w\" sizes=\"(max-width: 180px) 100vw, 180px\" \/><\/a>\u00a0 <a href=\"http:\/\/hoyaer-eisenbahn.de\/wp-content\/uploads\/2012\/08\/tn_V22-2011-10-12_03.jpg\" target=\"_blank\"><img loading=\"lazy\" decoding=\"async\" class=\"alignnone  wp-image-545\" title=\"IF\" alt=\"\" src=\"http:\/\/hoyaer-eisenbahn.de\/wp-content\/uploads\/2012\/08\/tn_V22-2011-10-12_03-300x200.jpg\" width=\"202\" height=\"135\" srcset=\"http:\/\/hoyaer-eisenbahn.de\/wp-content\/uploads\/2012\/08\/tn_V22-2011-10-12_03-300x200.jpg 300w, http:\/\/hoyaer-eisenbahn.de\/wp-content\/uploads\/2012\/08\/tn_V22-2011-10-12_03.jpg 640w\" sizes=\"(max-width: 202px) 100vw, 202px\" \/><\/a><\/p>\n<h5>1.)\u00a0 Aus Hoya kommend, erreicht V22 am 03.05.2011 Eystrup.<br \/>\n2.)\u00a0 Im April 2012 zwischen Hassel und Hoya<br \/>\n3.)\u00a0 \u00dcber die Weserbr\u00fccke verl\u00e4sst V22 im Oktober 2011 Hoya<br \/>\n4.)\u00a0 V22 rangiert am sp\u00e4ten Abend auf dem Werksgel\u00e4nde der Papierfabrik Smurfit Kappa. 12.10.2011<\/h5>\n<p>&nbsp;<\/p>\n<h5><em>Quellen:<\/em><em><\/em><br \/>\n<em>&#8211; Archiv Verkehrsbetriebe Grafschaft Hoya GmbH<\/em><br \/>\n<em>&#8211; www.loks-aus-kiel.de<\/em><\/h5>\n<p>&nbsp;<\/p>\n<p>&nbsp;<\/p>\n<p>&nbsp;<\/p>\n","protected":false},"excerpt":{"rendered":"<p>Baureihe: G 763 C Hersteller: MaK Fabriknummer: 700093 Baujahr: 1989 1989 &#8211; Lieferung an die Siegener Kreisbahn als Lok &#8222;31&#8220; 2009 &#8211; Vermietung an Thyssen-Krupp Duisburg, Werk Ferndorf 2009 &#8211; Vermietung an BASF Antwerpen 2011 &#8211; Verkauf an Verkehrsbetriebe Grafschaft &hellip; <a class=\"more-link\" href=\"http:\/\/hoyaer-eisenbahn.de\/?page_id=563\">Continue reading <span class=\"meta-nav\">&rarr;<\/span><\/a><\/p>\n","protected":false},"author":1,"featured_media":0,"parent":617,"menu_order":2,"comment_status":"closed","ping_status":"closed","template":"onecolumn-page.php","meta":{"footnotes":""},"_links":{"self":[{"href":"http:\/\/hoyaer-eisenbahn.de\/index.php?rest_route=\/wp\/v2\/pages\/563"}],"collection":[{"href":"http:\/\/hoyaer-eisenbahn.de\/index.php?rest_route=\/wp\/v2\/pages"}],"about":[{"href":"http:\/\/hoyaer-eisenbahn.de\/index.php?rest_route=\/wp\/v2\/types\/page"}],"author":[{"embeddable":true,"href":"http:\/\/hoyaer-eisenbahn.de\/index.php?rest_route=\/wp\/v2\/users\/1"}],"replies":[{"embeddable":true,"href":"http:\/\/hoyaer-eisenbahn.de\/index.php?rest_route=%2Fwp%2Fv2%2Fcomments&post=563"}],"version-history":[{"count":19,"href":"http:\/\/hoyaer-eisenbahn.de\/index.php?rest_route=\/wp\/v2\/pages\/563\/revisions"}],"predecessor-version":[{"id":2574,"href":"http:\/\/hoyaer-eisenbahn.de\/index.php?rest_route=\/wp\/v2\/pages\/563\/revisions\/2574"}],"up":[{"embeddable":true,"href":"http:\/\/hoyaer-eisenbahn.de\/index.php?rest_route=\/wp\/v2\/pages\/617"}],"wp:attachment":[{"href":"http:\/\/hoyaer-eisenbahn.de\/index.php?rest_route=%2Fwp%2Fv2%2Fmedia&parent=563"}],"curies":[{"name":"wp","href":"https:\/\/api.w.org\/{rel}","templated":true}]}}

<p><strong>Baureihe:</strong> G 763 C<br />
<strong>Hersteller:</strong> MaK<br />
<strong>Fabriknummer:</strong> 700093<br />
<strong>Baujahr:</strong> 1989</p>
<ul>
<li>1989 &#8211; Lieferung an die Siegener Kreisbahn als Lok &#8222;31&#8220;</li>
<li>2009 &#8211; Vermietung an Thyssen-Krupp Duisburg, Werk Ferndorf</li>
<li>2009 &#8211; Vermietung an BASF Antwerpen</li>
<li>2011 &#8211; Verkauf an Verkehrsbetriebe Grafschaft Hoya (VGH) als Lok &#8222;V22&#8220;</li>
</ul>
<p><a href="http://hoyaer-eisenbahn.de/wp-content/uploads/2012/08/tn_V22-2011-05-03_01.jpg" target="_blank"><img loading="lazy" decoding="async" class="alignnone  wp-image-548" title="tn_V22 2011-05-03_01" alt="" src="http://hoyaer-eisenbahn.de/wp-content/uploads/2012/08/tn_V22-2011-05-03_01-300x225.jpg" width="180" height="135" srcset="http://hoyaer-eisenbahn.de/wp-content/uploads/2012/08/tn_V22-2011-05-03_01-300x225.jpg 300w, http://hoyaer-eisenbahn.de/wp-content/uploads/2012/08/tn_V22-2011-05-03_01.jpg 640w" sizes="(max-width: 180px) 100vw, 180px" /></a>  <a href="http://hoyaer-eisenbahn.de/wp-content/uploads/2012/08/tn_V22-2012-04-23_01.jpg" target="_blank"><img loading="lazy" decoding="async" class="alignnone  wp-image-543" title="tn_V22 2012-04-23_01" alt="" src="http://hoyaer-eisenbahn.de/wp-content/uploads/2012/08/tn_V22-2012-04-23_01-300x225.jpg" width="180" height="135" srcset="http://hoyaer-eisenbahn.de/wp-content/uploads/2012/08/tn_V22-2012-04-23_01-300x225.jpg 300w, http://hoyaer-eisenbahn.de/wp-content/uploads/2012/08/tn_V22-2012-04-23_01.jpg 640w" sizes="(max-width: 180px) 100vw, 180px" /></a>  <a href="http://hoyaer-eisenbahn.de/wp-content/uploads/2012/08/tn_V22-2011-08-26_04.jpg" target="_blank"><img loading="lazy" decoding="async" class="alignnone  wp-image-544" title="tn_V22 2011-08-26_04" alt="" src="http://hoyaer-eisenbahn.de/wp-content/uploads/2012/08/tn_V22-2011-08-26_04-300x225.jpg" width="180" height="135" srcset="http://hoyaer-eisenbahn.de/wp-content/uploads/2012/08/tn_V22-2011-08-26_04-300x225.jpg 300w, http://hoyaer-eisenbahn.de/wp-content/uploads/2012/08/tn_V22-2011-08-26_04.jpg 640w" sizes="(max-width: 180px) 100vw, 180px" /></a>  <a href="http://hoyaer-eisenbahn.de/wp-content/uploads/2012/08/tn_V22-2011-10-12_03.jpg" target="_blank"><img loading="lazy" decoding="async" class="alignnone  wp-image-545" title="IF" alt="" src="http://hoyaer-eisenbahn.de/wp-content/uploads/2012/08/tn_V22-2011-10-12_03-300x200.jpg" width="202" height="135" srcset="http://hoyaer-eisenbahn.de/wp-content/uploads/2012/08/tn_V22-2011-10-12_03-300x200.jpg 300w, http://hoyaer-eisenbahn.de/wp-content/uploads/2012/08/tn_V22-2011-10-12_03.jpg 640w" sizes="(max-width: 202px) 100vw, 202px" /></a></p>
<h5>1.)  Aus Hoya kommend, erreicht V22 am 03.05.2011 Eystrup.<br />
2.)  Im April 2012 zwischen Hassel und Hoya<br />
3.)  Über die Weserbrücke verlässt V22 im Oktober 2011 Hoya<br />
4.)  V22 rangiert am späten Abend auf dem Werksgelände der Papierfabrik Smurfit Kappa. 12.10.2011</h5>
<p>&nbsp;</p>
<h5><em>Quellen:</em><em></em><br />
<em>&#8211; Archiv Verkehrsbetriebe Grafschaft Hoya GmbH</em><br />
<em>&#8211; www.loks-aus-kiel.de</em></h5>
<p>&nbsp;</p>
<p>&nbsp;</p>
<p>&nbsp;</p>
