{"id":398,"date":"2012-08-27T08:53:09","date_gmt":"2012-08-27T08:53:09","guid":{"rendered":"http:\/\/hoyaer-eisenbahn.de\/?page_id=398"},"modified":"2015-09-17T10:17:27","modified_gmt":"2015-09-17T10:17:27","slug":"berxen-uenzen-sustedt-wachendorf","status":"publish","type":"page","link":"http:\/\/hoyaer-eisenbahn.de\/?page_id=398","title":{"rendered":"Berxen, Uenzen, S\u00fcstedt, Wachendorf"},"content":{"rendered":"<p><strong><a href=\"http:\/\/hoyaer-eisenbahn.de\/wp-content\/uploads\/2012\/08\/Berxen-2012-09-01.jpg\" target=\"_blank\"><img loading=\"lazy\" decoding=\"async\" class=\"alignleft size-medium wp-image-906\" title=\"Berxen 2012\" alt=\"\" src=\"http:\/\/hoyaer-eisenbahn.de\/wp-content\/uploads\/2012\/08\/Berxen-2012-09-01-300x200.jpg\" width=\"300\" height=\"200\" srcset=\"http:\/\/hoyaer-eisenbahn.de\/wp-content\/uploads\/2012\/08\/Berxen-2012-09-01-300x200.jpg 300w, http:\/\/hoyaer-eisenbahn.de\/wp-content\/uploads\/2012\/08\/Berxen-2012-09-01.jpg 640w\" sizes=\"(max-width: 300px) 100vw, 300px\" \/><\/a>Berxen<br \/>\n<\/strong>In Berxen gab es fr\u00fcher ein kleines Bahnhofsgeb\u00e4ude an einem etwa 30m langen Bahnsteig. Zudem stand ein Nebengleis mit Ladestra\u00dfe und einer kleinen Rampe zur Verf\u00fcgung. Heute ist Berxen Haltepunkt mit einem -noch etwas k\u00fcrzeren- Bahnsteig.<\/p>\n<p>&nbsp;<\/p>\n<p>&nbsp;<\/p>\n<p>&nbsp;<\/p>\n<p><a href=\"http:\/\/hoyaer-eisenbahn.de\/wp-content\/uploads\/2012\/08\/Berxen-1960-09-XX.jpg\" target=\"_blank\"><img loading=\"lazy\" decoding=\"async\" class=\"alignnone  wp-image-2053\" alt=\"Berxen 1960-09-XX\" src=\"http:\/\/hoyaer-eisenbahn.de\/wp-content\/uploads\/2012\/08\/Berxen-1960-09-XX-300x188.jpg\" width=\"180\" height=\"113\" srcset=\"http:\/\/hoyaer-eisenbahn.de\/wp-content\/uploads\/2012\/08\/Berxen-1960-09-XX-300x188.jpg 300w, http:\/\/hoyaer-eisenbahn.de\/wp-content\/uploads\/2012\/08\/Berxen-1960-09-XX.jpg 800w\" sizes=\"(max-width: 180px) 100vw, 180px\" \/><\/a>\u00a0 <a href=\"http:\/\/hoyaer-eisenbahn.de\/wp-content\/uploads\/2012\/08\/HSA072.jpg\" target=\"_blank\"><img loading=\"lazy\" decoding=\"async\" class=\"alignnone  wp-image-905\" title=\"Berxen\" alt=\"\" src=\"http:\/\/hoyaer-eisenbahn.de\/wp-content\/uploads\/2012\/08\/HSA072-300x197.jpg\" width=\"180\" height=\"118\" srcset=\"http:\/\/hoyaer-eisenbahn.de\/wp-content\/uploads\/2012\/08\/HSA072-300x197.jpg 300w, http:\/\/hoyaer-eisenbahn.de\/wp-content\/uploads\/2012\/08\/HSA072.jpg 640w\" sizes=\"(max-width: 180px) 100vw, 180px\" \/><\/a>\u00a0 <a href=\"http:\/\/hoyaer-eisenbahn.de\/wp-content\/uploads\/2012\/08\/Bruchhausen-Vilsen-Berxen.jpg\" target=\"_blank\"><img loading=\"lazy\" decoding=\"async\" class=\"alignnone  wp-image-1473\" title=\"Bruchhausen Vilsen - Berxen\" alt=\"\" src=\"http:\/\/hoyaer-eisenbahn.de\/wp-content\/uploads\/2012\/08\/Bruchhausen-Vilsen-Berxen-159x300.jpg\" width=\"62\" height=\"118\" \/><\/a>\u00a0 <a href=\"http:\/\/hoyaer-eisenbahn.de\/wp-content\/uploads\/2012\/08\/Fahrradkarte-Berxen.jpg\" target=\"_blank\"><img loading=\"lazy\" decoding=\"async\" class=\"alignnone  wp-image-1474\" title=\"Fahrradkarte Berxen\" alt=\"\" src=\"http:\/\/hoyaer-eisenbahn.de\/wp-content\/uploads\/2012\/08\/Fahrradkarte-Berxen-150x300.jpg\" width=\"59\" height=\"118\" srcset=\"http:\/\/hoyaer-eisenbahn.de\/wp-content\/uploads\/2012\/08\/Fahrradkarte-Berxen-150x300.jpg 150w, http:\/\/hoyaer-eisenbahn.de\/wp-content\/uploads\/2012\/08\/Fahrradkarte-Berxen-514x1024.jpg 514w, http:\/\/hoyaer-eisenbahn.de\/wp-content\/uploads\/2012\/08\/Fahrradkarte-Berxen.jpg 517w\" sizes=\"(max-width: 59px) 100vw, 59px\" \/><\/a>\u00a0 <a href=\"http:\/\/hoyaer-eisenbahn.de\/wp-content\/uploads\/2012\/08\/Berxen-1901.jpg\" target=\"_blank\"><img loading=\"lazy\" decoding=\"async\" class=\"alignnone  wp-image-1498\" title=\"Berxen 1901\" alt=\"\" src=\"http:\/\/hoyaer-eisenbahn.de\/wp-content\/uploads\/2012\/08\/Berxen-1901-300x217.jpg\" width=\"180\" height=\"130\" srcset=\"http:\/\/hoyaer-eisenbahn.de\/wp-content\/uploads\/2012\/08\/Berxen-1901-300x217.jpg 300w, http:\/\/hoyaer-eisenbahn.de\/wp-content\/uploads\/2012\/08\/Berxen-1901.jpg 640w\" sizes=\"(max-width: 180px) 100vw, 180px\" \/><\/a><\/p>\n<h5>1.)\u00a0 Bahnhof Berxen im September 1960. Links vom Bahnhofsgeb\u00e4ude ist die\u00a0 Weiche zum Nebengleis erkennbar. (Bild: Harald O. Kindermann)<br \/>\n2.)\u00a0 T63 h\u00e4lt in den 1960er Jahren am Bahnsteig in Berxen. (Bild: Archiv VGH)<br \/>\n3.)\u00a0 Fahrkarte von Bruchhausen-Vilsen nach Berxen.<br \/>\n4.)\u00a0 Fahrradkarte ab Berxen.<br \/>\n5.)\u00a0 Die Lage des Bahnhofs Berxen auf einer Zeichnung von 1901. (Archiv Deutscher Eisenbahn-Verein e.V.)<\/h5>\n<p>&nbsp;<\/p>\n<div id=\"attachment_764\" style=\"width: 310px\" class=\"wp-caption alignleft\"><a href=\"http:\/\/hoyaer-eisenbahn.de\/wp-content\/uploads\/2012\/08\/tn_801114.jpg\" target=\"_blank\"><img loading=\"lazy\" decoding=\"async\" aria-describedby=\"caption-attachment-764\" class=\"size-medium wp-image-764\" title=\"tn_801114\" alt=\"\" src=\"http:\/\/hoyaer-eisenbahn.de\/wp-content\/uploads\/2012\/08\/tn_801114-300x208.jpg\" width=\"300\" height=\"208\" srcset=\"http:\/\/hoyaer-eisenbahn.de\/wp-content\/uploads\/2012\/08\/tn_801114-300x208.jpg 300w, http:\/\/hoyaer-eisenbahn.de\/wp-content\/uploads\/2012\/08\/tn_801114.jpg 640w\" sizes=\"(max-width: 300px) 100vw, 300px\" \/><\/a><p id=\"caption-attachment-764\" class=\"wp-caption-text\">Ein Dampfzug der Kleinbahn Hoya-Syke-Asendorf passiert die Ortsdurchfahrt Uenzen. (Bild: Harald O. Kindermann)<\/p><\/div>\n<p><strong>Uenzen<\/strong><br \/>\nDas ehemalige Umfahrungsgleis in Uenzen ist heute Stumpfgleis. Neben dem Bahnsteig gab es an der Ladestra\u00dfe einen kleinen G\u00fcterschuppen, der heute nicht mehr existiert. Schr\u00e4g gegen\u00fcber des Bahnsteigs wurde ein Haus als Empfangsgeb\u00e4ude mitgenutzt.<br \/>\nAm Bahnsteig erinnert ein kleines Denkmal an die &#8222;Letzte in Betrieb befindliche Ortsdurchfahrt in Niedersachsen&#8220;. In Uenzen \u00fcberquert die Bahn \u00fcber eine kurze Strecke die Dorfstra\u00dfe &#8211; in L\u00e4ngsrichtung.<\/p>\n<p>&nbsp;<\/p>\n<p>&nbsp;<\/p>\n<p>&nbsp;<\/p>\n<p><a href=\"http:\/\/hoyaer-eisenbahn.de\/wp-content\/uploads\/2012\/08\/tn_Uenzen-2012-09-01_01.jpg\" target=\"_blank\"><img loading=\"lazy\" decoding=\"async\" class=\"alignnone  wp-image-910\" title=\"Uenzen 2012 1\" alt=\"\" src=\"http:\/\/hoyaer-eisenbahn.de\/wp-content\/uploads\/2012\/08\/tn_Uenzen-2012-09-01_01-300x200.jpg\" width=\"180\" height=\"120\" srcset=\"http:\/\/hoyaer-eisenbahn.de\/wp-content\/uploads\/2012\/08\/tn_Uenzen-2012-09-01_01-300x200.jpg 300w, http:\/\/hoyaer-eisenbahn.de\/wp-content\/uploads\/2012\/08\/tn_Uenzen-2012-09-01_01.jpg 640w\" sizes=\"(max-width: 180px) 100vw, 180px\" \/><\/a>\u00a0\u00a0 <a href=\"http:\/\/hoyaer-eisenbahn.de\/wp-content\/uploads\/2012\/08\/tn_Uenzen-2012-09-01_02.jpg\" target=\"_blank\"><img loading=\"lazy\" decoding=\"async\" class=\"alignnone  wp-image-911\" title=\"Uenzen 2012 2\" alt=\"\" src=\"http:\/\/hoyaer-eisenbahn.de\/wp-content\/uploads\/2012\/08\/tn_Uenzen-2012-09-01_02-300x200.jpg\" width=\"180\" height=\"120\" srcset=\"http:\/\/hoyaer-eisenbahn.de\/wp-content\/uploads\/2012\/08\/tn_Uenzen-2012-09-01_02-300x200.jpg 300w, http:\/\/hoyaer-eisenbahn.de\/wp-content\/uploads\/2012\/08\/tn_Uenzen-2012-09-01_02.jpg 640w\" sizes=\"(max-width: 180px) 100vw, 180px\" \/><\/a>\u00a0<a href=\"http:\/\/hoyaer-eisenbahn.de\/wp-content\/uploads\/2012\/08\/Uenzen-2013-05-09.jpg\" target=\"_blank\"><img loading=\"lazy\" decoding=\"async\" class=\"alignnone  wp-image-1898\" title=\"Uenzen 2013-05-09\" alt=\"\" src=\"http:\/\/hoyaer-eisenbahn.de\/wp-content\/uploads\/2012\/08\/Uenzen-2013-05-09-300x200.jpg\" width=\"180\" height=\"120\" srcset=\"http:\/\/hoyaer-eisenbahn.de\/wp-content\/uploads\/2012\/08\/Uenzen-2013-05-09-300x200.jpg 300w, http:\/\/hoyaer-eisenbahn.de\/wp-content\/uploads\/2012\/08\/Uenzen-2013-05-09.jpg 800w\" sizes=\"(max-width: 180px) 100vw, 180px\" \/><\/a> <a href=\"http:\/\/hoyaer-eisenbahn.de\/wp-content\/uploads\/2012\/08\/Bruchhausen-Vilsen-Uenzen.jpg\" target=\"_blank\"><img loading=\"lazy\" decoding=\"async\" class=\"alignnone  wp-image-1477\" title=\"Bruchhausen-Vilsen - Uenzen\" alt=\"\" src=\"http:\/\/hoyaer-eisenbahn.de\/wp-content\/uploads\/2012\/08\/Bruchhausen-Vilsen-Uenzen-159x300.jpg\" width=\"63\" height=\"119\" srcset=\"http:\/\/hoyaer-eisenbahn.de\/wp-content\/uploads\/2012\/08\/Bruchhausen-Vilsen-Uenzen-159x300.jpg 159w, http:\/\/hoyaer-eisenbahn.de\/wp-content\/uploads\/2012\/08\/Bruchhausen-Vilsen-Uenzen.jpg 239w\" sizes=\"(max-width: 63px) 100vw, 63px\" \/><\/a><\/p>\n<h5>1.)\u00a0 Der Bahnsteig in Uenzen 2012. Das Haus links an der Stra\u00dfenecke diente fr\u00fcher als Empfangsgeb\u00e4ude.<br \/>\n2.)\u00a0 Das ehemalige Umfahrungsgleis ist heute ein Stumpfgleis.<br \/>\n3.)\u00a0 Am 09. Mai 2013 begegnen sich die beiden Triebwagen T3 und T1 in Uenzen.<br \/>\n4.)\u00a0 HSA-Fahrkarte nach Uenzen.<\/h5>\n<p>&nbsp;<\/p>\n<p><strong><a href=\"http:\/\/hoyaer-eisenbahn.de\/wp-content\/uploads\/2012\/08\/S\u00fcstedt-2012-11-27-1.jpg\" target=\"_blank\"><img loading=\"lazy\" decoding=\"async\" class=\"alignleft  wp-image-1434\" title=\"S\u00fcstedt 2012-11-27 (1)\" alt=\"\" src=\"http:\/\/hoyaer-eisenbahn.de\/wp-content\/uploads\/2012\/08\/S\u00fcstedt-2012-11-27-1-300x225.jpg\" width=\"279\" height=\"210\" srcset=\"http:\/\/hoyaer-eisenbahn.de\/wp-content\/uploads\/2012\/08\/S\u00fcstedt-2012-11-27-1-300x225.jpg 300w, http:\/\/hoyaer-eisenbahn.de\/wp-content\/uploads\/2012\/08\/S\u00fcstedt-2012-11-27-1.jpg 640w\" sizes=\"(max-width: 279px) 100vw, 279px\" \/><\/a>S\u00fcstedt<\/strong><br \/>\nAm ehemaligen Bahnhofsgeb\u00e4ude von S\u00fcstedt (einer Wirtschaft mit Bahnagentur) gab es fr\u00fcher ein Umfahrungsgleis, eine Ladestra\u00dfe und zwei kleine Schuppen. Der 40m lange Bahnsteig wurde durch einen das Gleis querenden Feldweg unterbrochen und setzte sich in einem 20m langen Behelfsbahnsteig fort, der direkt am Bahnhofsgeb\u00e4ude lag.<br \/>\nDas ehemalige Bahnhofsgeb\u00e4ude ist noch heute erhalten.<br \/>\nSp\u00e4ter wurde der Bahnsteig S\u00fcstedts verlegt. Dieser lag fortan nicht mehr am Bahnhofsgeb\u00e4ude, sondern ein paar hundert Meter entfernt in Richtung Syke.<br \/>\nIm Jahr 2012 wurde ein neuer Bahnsteig gebaut, beinahe an seiner urspr\u00fcnglichen Stelle gelegen, wenn auch auf der gegen\u00fcberliegenden Seite des ehemaligen Bahnhofsgeb\u00e4udes.<\/p>\n<p><a href=\"http:\/\/hoyaer-eisenbahn.de\/wp-content\/uploads\/2012\/08\/tn_801103.jpg\" target=\"_blank\"><img loading=\"lazy\" decoding=\"async\" class=\"alignnone  wp-image-915\" title=\"tn_801103\" alt=\"\" src=\"http:\/\/hoyaer-eisenbahn.de\/wp-content\/uploads\/2012\/08\/tn_801103-300x193.jpg\" width=\"180\" height=\"116\" srcset=\"http:\/\/hoyaer-eisenbahn.de\/wp-content\/uploads\/2012\/08\/tn_801103-300x193.jpg 300w, http:\/\/hoyaer-eisenbahn.de\/wp-content\/uploads\/2012\/08\/tn_801103.jpg 640w\" sizes=\"(max-width: 180px) 100vw, 180px\" \/><\/a> <a href=\"http:\/\/hoyaer-eisenbahn.de\/wp-content\/uploads\/2012\/08\/S\u00fcstedt-G\u00fcterschuppen.jpg\" target=\"_blank\"><img loading=\"lazy\" decoding=\"async\" class=\"alignnone  wp-image-1685\" title=\"S\u00fcstedt G\u00fcterschuppen\" alt=\"\" src=\"http:\/\/hoyaer-eisenbahn.de\/wp-content\/uploads\/2012\/08\/S\u00fcstedt-G\u00fcterschuppen-300x211.jpg\" width=\"180\" height=\"127\" srcset=\"http:\/\/hoyaer-eisenbahn.de\/wp-content\/uploads\/2012\/08\/S\u00fcstedt-G\u00fcterschuppen-300x211.jpg 300w, http:\/\/hoyaer-eisenbahn.de\/wp-content\/uploads\/2012\/08\/S\u00fcstedt-G\u00fcterschuppen.jpg 988w\" sizes=\"(max-width: 180px) 100vw, 180px\" \/><\/a> <a href=\"http:\/\/hoyaer-eisenbahn.de\/wp-content\/uploads\/2012\/08\/tn_S\u00fcstedt-2012-09-01_01.jpg\" target=\"_blank\"><img loading=\"lazy\" decoding=\"async\" class=\"alignnone  wp-image-916\" title=\"S\u00fcstedt 2012 2\" alt=\"\" src=\"http:\/\/hoyaer-eisenbahn.de\/wp-content\/uploads\/2012\/08\/tn_S\u00fcstedt-2012-09-01_01-300x200.jpg\" width=\"180\" height=\"120\" srcset=\"http:\/\/hoyaer-eisenbahn.de\/wp-content\/uploads\/2012\/08\/tn_S\u00fcstedt-2012-09-01_01-300x200.jpg 300w, http:\/\/hoyaer-eisenbahn.de\/wp-content\/uploads\/2012\/08\/tn_S\u00fcstedt-2012-09-01_01.jpg 640w\" sizes=\"(max-width: 180px) 100vw, 180px\" \/><\/a>\u00a0 <a href=\"http:\/\/hoyaer-eisenbahn.de\/wp-content\/uploads\/2012\/08\/tn_S\u00fcstedt-2012-09-03.jpg\" target=\"_blank\"><img loading=\"lazy\" decoding=\"async\" class=\"alignnone  wp-image-914\" title=\"IF\" alt=\"\" src=\"http:\/\/hoyaer-eisenbahn.de\/wp-content\/uploads\/2012\/08\/tn_S\u00fcstedt-2012-09-03-300x200.jpg\" width=\"180\" height=\"120\" srcset=\"http:\/\/hoyaer-eisenbahn.de\/wp-content\/uploads\/2012\/08\/tn_S\u00fcstedt-2012-09-03-300x200.jpg 300w, http:\/\/hoyaer-eisenbahn.de\/wp-content\/uploads\/2012\/08\/tn_S\u00fcstedt-2012-09-03.jpg 640w\" sizes=\"(max-width: 180px) 100vw, 180px\" \/><\/a>\u00a0 <a href=\"http:\/\/hoyaer-eisenbahn.de\/wp-content\/uploads\/2012\/08\/Bruchhausen-Vilsen-S\u00fcstedt.jpg\" target=\"_blank\"><img loading=\"lazy\" decoding=\"async\" class=\"alignnone  wp-image-1478\" title=\"Bruchhausen-Vilsen - S\u00fcstedt\" alt=\"\" src=\"http:\/\/hoyaer-eisenbahn.de\/wp-content\/uploads\/2012\/08\/Bruchhausen-Vilsen-S\u00fcstedt-165x300.jpg\" width=\"64\" height=\"117\" srcset=\"http:\/\/hoyaer-eisenbahn.de\/wp-content\/uploads\/2012\/08\/Bruchhausen-Vilsen-S\u00fcstedt-165x300.jpg 165w, http:\/\/hoyaer-eisenbahn.de\/wp-content\/uploads\/2012\/08\/Bruchhausen-Vilsen-S\u00fcstedt.jpg 248w\" sizes=\"(max-width: 64px) 100vw, 64px\" \/><\/a><\/p>\n<h5>1.)\u00a0 Das damalige Bahnhofsgeb\u00e4ude S\u00fcstedt. (Bild: Archiv VGH)<br \/>\n2.)\u00a0 G\u00fcterschuppen im Bahnhof S\u00fcstedt, April 1961. (Bild: Harald O. Kindermann)<br \/>\n3.)\u00a0 Das ehemalige Bahnhofsgeb\u00e4ude im Jahr 2012.<br \/>\n4.)\u00a0 Zwischenzeitlich -bis Ende 2012- lag der Bahnsteig einige hundert Meter entfernt vom ehemaligen Bahnhofsgeb\u00e4ude.<br \/>\n5.)\u00a0 HSA-Fahrkarte nach S\u00fcstedt.<\/h5>\n<p>&nbsp;<\/p>\n<div id=\"attachment_919\" style=\"width: 310px\" class=\"wp-caption alignleft\"><a href=\"http:\/\/hoyaer-eisenbahn.de\/wp-content\/uploads\/2012\/08\/tn_P1240422.jpg\" target=\"_blank\"><img loading=\"lazy\" decoding=\"async\" aria-describedby=\"caption-attachment-919\" class=\"size-medium wp-image-919\" title=\"tn_P1240422\" alt=\"\" src=\"http:\/\/hoyaer-eisenbahn.de\/wp-content\/uploads\/2012\/08\/tn_P1240422-300x175.jpg\" width=\"300\" height=\"175\" srcset=\"http:\/\/hoyaer-eisenbahn.de\/wp-content\/uploads\/2012\/08\/tn_P1240422-300x175.jpg 300w, http:\/\/hoyaer-eisenbahn.de\/wp-content\/uploads\/2012\/08\/tn_P1240422.jpg 640w\" sizes=\"(max-width: 300px) 100vw, 300px\" \/><\/a><p id=\"caption-attachment-919\" class=\"wp-caption-text\">VGH-Triebwagen T4 in Wachendorf. (Bild: Archiv VGH)<\/p><\/div>\n<p><strong>Wachendorf<\/strong><br \/>\nWachendorf hatte einst ein Umfahrungsgleis mit Ladestra\u00dfe. Von diesem Gleis ging wiederum ein kurzes Anschlussgleis zur direkt neben dem Bahnhofsgeb\u00e4ude liegenden M\u00fchle ab. Dieses Anschlussgleis ist noch immer vorhanden, jedoch nicht mehr nutzbar. Die alte Ladestra\u00dfe ist ebenfalls noch erkennbar. Auch das damalige Bahnhofsgeb\u00e4ude und die M\u00fchle gibt es noch heute.<\/p>\n<p>&nbsp;<\/p>\n<p>&nbsp;<\/p>\n<p>&nbsp;<\/p>\n<p><a href=\"http:\/\/hoyaer-eisenbahn.de\/wp-content\/uploads\/2012\/08\/Wachendorf-1984-07-27.jpg\" target=\"_blank\"><img loading=\"lazy\" decoding=\"async\" class=\"alignnone  wp-image-2056\" alt=\"Wachendorf 1984-07-27\" src=\"http:\/\/hoyaer-eisenbahn.de\/wp-content\/uploads\/2012\/08\/Wachendorf-1984-07-27-300x215.jpg\" width=\"180\" height=\"129\" srcset=\"http:\/\/hoyaer-eisenbahn.de\/wp-content\/uploads\/2012\/08\/Wachendorf-1984-07-27-300x215.jpg 300w, http:\/\/hoyaer-eisenbahn.de\/wp-content\/uploads\/2012\/08\/Wachendorf-1984-07-27.jpg 796w\" sizes=\"(max-width: 180px) 100vw, 180px\" \/><\/a>\u00a0 <a href=\"http:\/\/hoyaer-eisenbahn.de\/wp-content\/uploads\/2012\/08\/tn_Wachendorf-2012-09-01_01.jpg\" target=\"_blank\"><img loading=\"lazy\" decoding=\"async\" class=\"alignnone  wp-image-920\" title=\"Wachendorf 2012 1\" alt=\"\" src=\"http:\/\/hoyaer-eisenbahn.de\/wp-content\/uploads\/2012\/08\/tn_Wachendorf-2012-09-01_01-300x200.jpg\" width=\"180\" height=\"120\" srcset=\"http:\/\/hoyaer-eisenbahn.de\/wp-content\/uploads\/2012\/08\/tn_Wachendorf-2012-09-01_01-300x200.jpg 300w, http:\/\/hoyaer-eisenbahn.de\/wp-content\/uploads\/2012\/08\/tn_Wachendorf-2012-09-01_01.jpg 640w\" sizes=\"(max-width: 180px) 100vw, 180px\" \/><\/a>\u00a0\u00a0\u00a0<a href=\"http:\/\/hoyaer-eisenbahn.de\/wp-content\/uploads\/2012\/08\/tn_Wachendorf-2012-09-01_04.jpg\" target=\"_blank\"><img loading=\"lazy\" decoding=\"async\" class=\"alignnone  wp-image-921\" title=\"Wachendorf 2012 2\" alt=\"\" src=\"http:\/\/hoyaer-eisenbahn.de\/wp-content\/uploads\/2012\/08\/tn_Wachendorf-2012-09-01_04-300x200.jpg\" width=\"180\" height=\"120\" srcset=\"http:\/\/hoyaer-eisenbahn.de\/wp-content\/uploads\/2012\/08\/tn_Wachendorf-2012-09-01_04-300x200.jpg 300w, http:\/\/hoyaer-eisenbahn.de\/wp-content\/uploads\/2012\/08\/tn_Wachendorf-2012-09-01_04.jpg 640w\" sizes=\"(max-width: 180px) 100vw, 180px\" \/><\/a>\u00a0\u00a0 <a href=\"http:\/\/hoyaer-eisenbahn.de\/wp-content\/uploads\/2012\/08\/Hoya-Wachendorf.jpg\" target=\"_blank\"><img loading=\"lazy\" decoding=\"async\" class=\"alignnone  wp-image-922\" title=\"Hoya-Wachendorf\" alt=\"\" src=\"http:\/\/hoyaer-eisenbahn.de\/wp-content\/uploads\/2012\/08\/Hoya-Wachendorf-167x300.jpg\" width=\"71\" height=\"127\" srcset=\"http:\/\/hoyaer-eisenbahn.de\/wp-content\/uploads\/2012\/08\/Hoya-Wachendorf-167x300.jpg 167w, http:\/\/hoyaer-eisenbahn.de\/wp-content\/uploads\/2012\/08\/Hoya-Wachendorf.jpg 254w\" sizes=\"(max-width: 71px) 100vw, 71px\" \/><\/a><\/p>\n<h5>1.)\u00a0 V36 007 rangiert am 27. Juli 1984 mit Hilfe eines Seils einen Wagen in Wachendorf.\u00a0 (Bild: Harald O. Kindermann)<br \/>\n2.)\u00a0 Wachendorf 2012: Rechts der Bahnsteig, links vorne das ehemalige Bahnhofsgeb\u00e4ude, dahinter die M\u00fchle. Unter dem Grasstreifen ist noch das Anschlussgleis zur M\u00fchle erkennbar.<br \/>\n3.)\u00a0 Auf diesem Bild ist noch gut die Ladestra\u00dfe zu erkennen. Hinten links f\u00fchrt das Gleis zur M\u00fchle.<br \/>\n4.)\u00a0 Fahrkarte der Kleinbahn Hoya-Syke-Asendorf von Hoya nach Wachendorf.<\/h5>\n<h5><span style=\"color: #808080;\">\u00a0<\/span><em><span style=\"color: #808080;\">Quellen:<\/span><br \/>\n<span style=\"color: #808080;\">&#8211; Archiv Verkehrsbetriebe Grafschaft Hoya GmbH<\/span><br \/>\n<span style=\"color: #808080;\">&#8211; Archiv Deutscher Eisenbahn-Verein e.V.<br \/>\n&#8211; Harald O. Kindermann<br \/>\n<\/span><\/em><\/h5>\n","protected":false},"excerpt":{"rendered":"<p>Berxen In Berxen gab es fr\u00fcher ein kleines Bahnhofsgeb\u00e4ude an einem etwa 30m langen Bahnsteig. Zudem stand ein Nebengleis mit Ladestra\u00dfe und einer kleinen Rampe zur Verf\u00fcgung. Heute ist Berxen Haltepunkt mit einem -noch etwas k\u00fcrzeren- Bahnsteig. &nbsp; &nbsp; &nbsp; &hellip; <a class=\"more-link\" href=\"http:\/\/hoyaer-eisenbahn.de\/?page_id=398\">Continue reading <span class=\"meta-nav\">&rarr;<\/span><\/a><\/p>\n","protected":false},"author":1,"featured_media":0,"parent":27,"menu_order":9,"comment_status":"closed","ping_status":"closed","template":"onecolumn-page.php","meta":{"footnotes":""},"_links":{"self":[{"href":"http:\/\/hoyaer-eisenbahn.de\/index.php?rest_route=\/wp\/v2\/pages\/398"}],"collection":[{"href":"http:\/\/hoyaer-eisenbahn.de\/index.php?rest_route=\/wp\/v2\/pages"}],"about":[{"href":"http:\/\/hoyaer-eisenbahn.de\/index.php?rest_route=\/wp\/v2\/types\/page"}],"author":[{"embeddable":true,"href":"http:\/\/hoyaer-eisenbahn.de\/index.php?rest_route=\/wp\/v2\/users\/1"}],"replies":[{"embeddable":true,"href":"http:\/\/hoyaer-eisenbahn.de\/index.php?rest_route=%2Fwp%2Fv2%2Fcomments&post=398"}],"version-history":[{"count":33,"href":"http:\/\/hoyaer-eisenbahn.de\/index.php?rest_route=\/wp\/v2\/pages\/398\/revisions"}],"predecessor-version":[{"id":2516,"href":"http:\/\/hoyaer-eisenbahn.de\/index.php?rest_route=\/wp\/v2\/pages\/398\/revisions\/2516"}],"up":[{"embeddable":true,"href":"http:\/\/hoyaer-eisenbahn.de\/index.php?rest_route=\/wp\/v2\/pages\/27"}],"wp:attachment":[{"href":"http:\/\/hoyaer-eisenbahn.de\/index.php?rest_route=%2Fwp%2Fv2%2Fmedia&parent=398"}],"curies":[{"name":"wp","href":"https:\/\/api.w.org\/{rel}","templated":true}]}}