{"id":389,"date":"2012-08-27T08:45:11","date_gmt":"2012-08-27T08:45:11","guid":{"rendered":"http:\/\/hoyaer-eisenbahn.de\/?page_id=389"},"modified":"2015-09-17T10:13:16","modified_gmt":"2015-09-17T10:13:16","slug":"sellingsloh","status":"publish","type":"page","link":"http:\/\/hoyaer-eisenbahn.de\/?page_id=389","title":{"rendered":"Sellingsloh, Gehlbergen"},"content":{"rendered":"<p><a href=\"http:\/\/hoyaer-eisenbahn.de\/wp-content\/uploads\/2012\/08\/Sellingsloh-2011-11-13_01.jpg\" target=\"_blank\"><img loading=\"lazy\" decoding=\"async\" class=\"alignleft size-medium wp-image-843\" title=\"Sellingsloh\" alt=\"\" src=\"http:\/\/hoyaer-eisenbahn.de\/wp-content\/uploads\/2012\/08\/Sellingsloh-2011-11-13_01-300x200.jpg\" width=\"300\" height=\"200\" srcset=\"http:\/\/hoyaer-eisenbahn.de\/wp-content\/uploads\/2012\/08\/Sellingsloh-2011-11-13_01-300x200.jpg 300w, http:\/\/hoyaer-eisenbahn.de\/wp-content\/uploads\/2012\/08\/Sellingsloh-2011-11-13_01.jpg 640w\" sizes=\"(max-width: 300px) 100vw, 300px\" \/><\/a><strong>Sellingsloh<\/strong><\/p>\n<p>Kurz hinter Hoyerhagen folgt der Haltepunkt Sellingsloh. Das im Waldgebiet Sellingsloh gelegene Naturschutzgebiet Burckhardtsh\u00f6he ist heute ein beliebtes Ziel f\u00fcr Wanderungen.<\/p>\n<p>&nbsp;<\/p>\n<p>&nbsp;<\/p>\n<p>&nbsp;<\/p>\n<p><strong><a href=\"http:\/\/hoyaer-eisenbahn.de\/wp-content\/uploads\/2012\/08\/Gehlbergen-2012-09-01.jpg\" target=\"_blank\"><img loading=\"lazy\" decoding=\"async\" class=\"alignleft\" title=\"Gehlbergen\" alt=\"\" src=\"http:\/\/hoyaer-eisenbahn.de\/wp-content\/uploads\/2012\/08\/Gehlbergen-2012-09-01-300x200.jpg\" width=\"300\" height=\"200\" \/><\/a>Gehlbergen<\/strong><\/p>\n<p>Heute ist Gehlbergen ein einfacher Haltepunkt. S\u00fcdlich des Bahnsteigs steht eine S\u00e4gerei, welche fr\u00fcher ein Kalksandsteinwerk war. Vom damaligen Bahnhof Gehlbergen, welcher \u00fcber eine Umfahrung mit Ladestra\u00dfe verf\u00fcgte, gab es eine denkbar einfache Gleisverbindung zum Kalksandsteinwerk. Von der Drehscheibe im Bahnhof wurden die einzelnen G\u00fcterwagen mittels einer per Dampfmaschine angetriebenen Seilwinde zum h\u00f6her gelegenen Werk hinaufgezogen. Das Seil f\u00fchrte direkt \u00fcber die Stra\u00dfe. Wurde es nicht benutzt, lag es in einer schmalen, durch die Stra\u00dfe gef\u00fchrten Rinne.<\/p>\n<p>&nbsp;<\/p>\n<p><a href=\"http:\/\/hoyaer-eisenbahn.de\/wp-content\/uploads\/2012\/08\/Gehlbergen.jpg\" target=\"_blank\"><img loading=\"lazy\" decoding=\"async\" class=\"alignnone  wp-image-846\" title=\"Gehlbergen\" alt=\"\" src=\"http:\/\/hoyaer-eisenbahn.de\/wp-content\/uploads\/2012\/08\/Gehlbergen-300x217.jpg\" width=\"182\" height=\"131\" srcset=\"http:\/\/hoyaer-eisenbahn.de\/wp-content\/uploads\/2012\/08\/Gehlbergen-300x217.jpg 300w, http:\/\/hoyaer-eisenbahn.de\/wp-content\/uploads\/2012\/08\/Gehlbergen.jpg 640w\" sizes=\"(max-width: 182px) 100vw, 182px\" \/><\/a> \u00a0<a href=\"http:\/\/hoyaer-eisenbahn.de\/wp-content\/uploads\/2012\/08\/Gehlbergen-T63-T65.jpg\" target=\"_blank\"><img loading=\"lazy\" decoding=\"async\" class=\"alignnone  wp-image-1675\" title=\"Gehlbergen T63 T65\" alt=\"\" src=\"http:\/\/hoyaer-eisenbahn.de\/wp-content\/uploads\/2012\/08\/Gehlbergen-T63-T65-300x200.jpg\" width=\"195\" height=\"130\" srcset=\"http:\/\/hoyaer-eisenbahn.de\/wp-content\/uploads\/2012\/08\/Gehlbergen-T63-T65-300x200.jpg 300w, http:\/\/hoyaer-eisenbahn.de\/wp-content\/uploads\/2012\/08\/Gehlbergen-T63-T65.jpg 990w\" sizes=\"(max-width: 195px) 100vw, 195px\" \/><\/a>\u00a0 <a href=\"http:\/\/hoyaer-eisenbahn.de\/wp-content\/uploads\/2012\/08\/Gehlbergen-Drehscheibe.jpg\" target=\"_blank\"><img loading=\"lazy\" decoding=\"async\" class=\"alignnone  wp-image-1676\" title=\"Gehlbergen Drehscheibe\" alt=\"\" src=\"http:\/\/hoyaer-eisenbahn.de\/wp-content\/uploads\/2012\/08\/Gehlbergen-Drehscheibe-300x210.jpg\" width=\"180\" height=\"126\" srcset=\"http:\/\/hoyaer-eisenbahn.de\/wp-content\/uploads\/2012\/08\/Gehlbergen-Drehscheibe-300x210.jpg 300w, http:\/\/hoyaer-eisenbahn.de\/wp-content\/uploads\/2012\/08\/Gehlbergen-Drehscheibe.jpg 990w\" sizes=\"(max-width: 180px) 100vw, 180px\" \/><\/a>\u00a0 <a href=\"http:\/\/hoyaer-eisenbahn.de\/wp-content\/uploads\/2012\/08\/Bruchhausen-Vilsen-Gehlbergen.jpg\" target=\"_blank\"><img loading=\"lazy\" decoding=\"async\" class=\"alignnone  wp-image-1464\" title=\"Bruchhausen-Vilsen - Gehlbergen\" alt=\"\" src=\"http:\/\/hoyaer-eisenbahn.de\/wp-content\/uploads\/2012\/08\/Bruchhausen-Vilsen-Gehlbergen-159x300.jpg\" width=\"75\" height=\"140\" \/><\/a><\/p>\n<h5>1.)\u00a0 T63 mit zwei Personenwagen wartet im damaligen Bahnhof Gehlbergen. (Bild: Archiv VGH)<br \/>\n2.)\u00a0 Zugkreuzung in Gehlbergen zwischen T63 und T65 im April 1961. (Bild: Harald O. Kindermann)<br \/>\n3.)\u00a0 Die zum Kalksandsteinwerk f\u00fchrende Drehscheibe im April 1961. (Bild: Harald O. Kindermann)<br \/>\n4.)\u00a0 Fahrkarte der HSA nach Gehlbergen.<\/h5>\n<h5><em>\u00a0\u00a0<em>Quellen:<\/em><em><br \/>\n&#8211; Archiv Verkehrsbetriebe Grafschaft Hoya GmbH<br \/>\n&#8211; <em>Archiv Deutscher Eisenbahn-Verein e.V.<br \/>\n&#8211; Harald O. Kindermann<br \/>\n<\/em><\/em><\/em><\/h5>\n","protected":false},"excerpt":{"rendered":"<p>Sellingsloh Kurz hinter Hoyerhagen folgt der Haltepunkt Sellingsloh. Das im Waldgebiet Sellingsloh gelegene Naturschutzgebiet Burckhardtsh\u00f6he ist heute ein beliebtes Ziel f\u00fcr Wanderungen. &nbsp; &nbsp; &nbsp; Gehlbergen Heute ist Gehlbergen ein einfacher Haltepunkt. S\u00fcdlich des Bahnsteigs steht eine S\u00e4gerei, welche fr\u00fcher &hellip; <a class=\"more-link\" href=\"http:\/\/hoyaer-eisenbahn.de\/?page_id=389\">Continue reading <span class=\"meta-nav\">&rarr;<\/span><\/a><\/p>\n","protected":false},"author":1,"featured_media":0,"parent":27,"menu_order":6,"comment_status":"closed","ping_status":"closed","template":"onecolumn-page.php","meta":{"footnotes":""},"_links":{"self":[{"href":"http:\/\/hoyaer-eisenbahn.de\/index.php?rest_route=\/wp\/v2\/pages\/389"}],"collection":[{"href":"http:\/\/hoyaer-eisenbahn.de\/index.php?rest_route=\/wp\/v2\/pages"}],"about":[{"href":"http:\/\/hoyaer-eisenbahn.de\/index.php?rest_route=\/wp\/v2\/types\/page"}],"author":[{"embeddable":true,"href":"http:\/\/hoyaer-eisenbahn.de\/index.php?rest_route=\/wp\/v2\/users\/1"}],"replies":[{"embeddable":true,"href":"http:\/\/hoyaer-eisenbahn.de\/index.php?rest_route=%2Fwp%2Fv2%2Fcomments&post=389"}],"version-history":[{"count":15,"href":"http:\/\/hoyaer-eisenbahn.de\/index.php?rest_route=\/wp\/v2\/pages\/389\/revisions"}],"predecessor-version":[{"id":2512,"href":"http:\/\/hoyaer-eisenbahn.de\/index.php?rest_route=\/wp\/v2\/pages\/389\/revisions\/2512"}],"up":[{"embeddable":true,"href":"http:\/\/hoyaer-eisenbahn.de\/index.php?rest_route=\/wp\/v2\/pages\/27"}],"wp:attachment":[{"href":"http:\/\/hoyaer-eisenbahn.de\/index.php?rest_route=%2Fwp%2Fv2%2Fmedia&parent=389"}],"curies":[{"name":"wp","href":"https:\/\/api.w.org\/{rel}","templated":true}]}}