{"id":182,"date":"2012-08-22T19:01:30","date_gmt":"2012-08-22T19:01:30","guid":{"rendered":"http:\/\/hoyaer-eisenbahn.de\/?page_id=182"},"modified":"2015-09-17T10:00:27","modified_gmt":"2015-09-17T10:00:27","slug":"hoyaer-eisenbahn-gesellschaft","status":"publish","type":"page","link":"http:\/\/hoyaer-eisenbahn.de\/?page_id=182","title":{"rendered":"Hoyaer Eisenbahn-Gesellschaft"},"content":{"rendered":"<div id=\"attachment_714\" style=\"width: 194px\" class=\"wp-caption alignright\"><a href=\"http:\/\/hoyaer-eisenbahn.de\/wp-content\/uploads\/2012\/08\/HEG-Actie.jpg\" target=\"_blank\"><img loading=\"lazy\" decoding=\"async\" aria-describedby=\"caption-attachment-714\" class=\" wp-image-714 \" title=\"HEG Actie\" alt=\"\" src=\"http:\/\/hoyaer-eisenbahn.de\/wp-content\/uploads\/2012\/08\/HEG-Actie-184x300.jpg\" width=\"184\" height=\"300\" srcset=\"http:\/\/hoyaer-eisenbahn.de\/wp-content\/uploads\/2012\/08\/HEG-Actie-184x300.jpg 184w, http:\/\/hoyaer-eisenbahn.de\/wp-content\/uploads\/2012\/08\/HEG-Actie.jpg 394w\" sizes=\"(max-width: 184px) 100vw, 184px\" \/><\/a><p id=\"caption-attachment-714\" class=\"wp-caption-text\">Bild: Archiv VGH<\/p><\/div>\n<p style=\"padding-left: 30px;\"><span style=\"color: #000000;\"><strong>21.06.1879\u00a0 \u00a0 Gr\u00fcndung der Hoyaer Eisenbahn-Gesellschaft (HEG)<\/strong><\/span><br \/>\n<span style=\"color: #000000;\"> In Hoya besteht der Wunsch nach einer Schienenverbindung von Hoya an die Staatsbahn Hannover-Bremen, um die Entwicklung von Landwirtschaft und Handel voranzutreiben.<\/span><br \/>\n<span style=\"color: #000000;\"> Die Aktien der neuen Bahngesellschaft liegen beim Flecken Hoya und dem Kreis, aber auch bei Privatleuten und B\u00fcrgern Hoyas.<\/span><\/p>\n<p style=\"padding-left: 30px;\"><span style=\"color: #000000;\"><strong>24.05.1880\u00a0\u00a0\u00a0 Genehmigung zum Bau der Bahn zwischen Hoya und Eystrup<\/strong><\/span><br \/>\n<span style=\"color: #000000;\"> Das preu\u00dfische Ministerium f\u00fcr \u00f6ffentliche Arbeiten genehmigt der HEG den Bau und den Betrieb einer Dampfeisenbahn von Hoya nach Eystrup.<\/span><\/p>\n<p style=\"padding-left: 30px;\"><span style=\"color: #000000;\"><strong>05.05.1881\u00a0\u00a0\u00a0 Baubeginn<br \/>\n<\/strong>Der Bau der knapp 7km langen, normalspurigen Bahnstrecke beginnt. Der HEG-Bahnhof in Hoya liegt auf der \u00f6stlichen Weserseite. Die Strecke f\u00fchrt durch das Dorf Hassel nach Eystrup, wo sie in einer Drehscheibe f\u00fcr das Wenden des Dampftriebwagens m\u00fcndet.<\/span><\/p>\n<p style=\"padding-left: 30px;\"><a href=\"http:\/\/hoyaer-eisenbahn.de\/wp-content\/uploads\/2012\/08\/HEG-EG-Hoya.jpg\" target=\"_blank\"><img loading=\"lazy\" decoding=\"async\" class=\"wp-image-718 alignnone\" title=\"HEG EG Hoya\" alt=\"\" src=\"http:\/\/hoyaer-eisenbahn.de\/wp-content\/uploads\/2012\/08\/HEG-EG-Hoya-300x129.jpg\" width=\"269\" height=\"129\" \/><\/a><\/p>\n<h5 style=\"padding-left: 30px;\">Plan des Empfangsgeb\u00e4udes Hoya (Ost). (Bild: Archiv VGH)<\/h5>\n<p style=\"padding-left: 30px;\"><span style=\"color: #000000;\"><strong>23.11.1881\u00a0\u00a0\u00a0 Er\u00f6ffnung<\/strong> <strong>der Strecke<br \/>\n<\/strong>Nach Beendigung der Bauarbeiten im November, verl\u00e4sst der Er\u00f6ffnungszug um 09.50 Uhr den Bahnhof Hoya nach Eystrup.<br \/>\nBetrieb und Unterhaltung der Fahrzeuge, wie der beiden Rowan-Dampftriebwagen, und anderer Betriebsmittel, wurden zun\u00e4chst im Auftrag der HEG von der Localeisenbahnen-Betriebs-Gesellschaft Hamburg durchgef\u00fchrt. Die HEG nahm die Betriebsleitung und Verwaltung wahr.<strong><br \/>\n<\/strong><\/span><\/p>\n<h5 style=\"padding-left: 30px;\"><a href=\"http:\/\/hoyaer-eisenbahn.de\/wp-content\/uploads\/2012\/08\/Hoya-Ost-1.jpg\" target=\"_blank\"><img loading=\"lazy\" decoding=\"async\" class=\"alignnone  wp-image-728\" title=\"Hoya Ost 1\" alt=\"\" src=\"http:\/\/hoyaer-eisenbahn.de\/wp-content\/uploads\/2012\/08\/Hoya-Ost-1-300x209.jpg\" width=\"300\" height=\"209\" srcset=\"http:\/\/hoyaer-eisenbahn.de\/wp-content\/uploads\/2012\/08\/Hoya-Ost-1-300x209.jpg 300w, http:\/\/hoyaer-eisenbahn.de\/wp-content\/uploads\/2012\/08\/Hoya-Ost-1.jpg 640w\" sizes=\"(max-width: 300px) 100vw, 300px\" \/><\/a> \u00a0\u00a0 <a href=\"http:\/\/hoyaer-eisenbahn.de\/wp-content\/uploads\/2012\/08\/tn_HEG-Fahrplan-1881.jpg\" target=\"_blank\"><img loading=\"lazy\" decoding=\"async\" class=\"alignnone  wp-image-719\" title=\"tn_HEG Fahrplan 1881\" alt=\"\" src=\"http:\/\/hoyaer-eisenbahn.de\/wp-content\/uploads\/2012\/08\/tn_HEG-Fahrplan-1881-185x300.jpg\" width=\"128\" height=\"208\" srcset=\"http:\/\/hoyaer-eisenbahn.de\/wp-content\/uploads\/2012\/08\/tn_HEG-Fahrplan-1881-185x300.jpg 185w, http:\/\/hoyaer-eisenbahn.de\/wp-content\/uploads\/2012\/08\/tn_HEG-Fahrplan-1881.jpg 395w\" sizes=\"(max-width: 128px) 100vw, 128px\" \/><\/a><br \/>\n1. Am Bahnsteig (Hoya Ost). (Bild: mit freundlicher Genehmigung der Kreiszeitung)<br \/>\n2. HEG-Fahrplan von 1881. (Bild: Archiv VGH)<\/h5>\n<div id=\"attachment_720\" style=\"width: 310px\" class=\"wp-caption alignright\"><a href=\"http:\/\/hoyaer-eisenbahn.de\/wp-content\/uploads\/2012\/08\/Rowan-Dampftriebwagen.jpg\" target=\"_blank\"><img loading=\"lazy\" decoding=\"async\" aria-describedby=\"caption-attachment-720\" class=\"size-medium wp-image-720\" title=\"Rowan-Dampftriebwagen\" alt=\"\" src=\"http:\/\/hoyaer-eisenbahn.de\/wp-content\/uploads\/2012\/08\/Rowan-Dampftriebwagen-300x231.jpg\" width=\"300\" height=\"231\" srcset=\"http:\/\/hoyaer-eisenbahn.de\/wp-content\/uploads\/2012\/08\/Rowan-Dampftriebwagen-300x231.jpg 300w, http:\/\/hoyaer-eisenbahn.de\/wp-content\/uploads\/2012\/08\/Rowan-Dampftriebwagen.jpg 640w\" sizes=\"(max-width: 300px) 100vw, 300px\" \/><\/a><p id=\"caption-attachment-720\" class=\"wp-caption-text\">Einer der beiden Rowan Dampftriebwagen der HEG passiert die Stempellake-Br\u00fccke bei Hassel. (Bild: Archiv VGH)<\/p><\/div>\n<p style=\"padding-left: 30px;\"><span style=\"color: #000000;\"><strong>01.02.1883\u00a0\u00a0\u00a0 \u00dcbernahme der Betriebsmittel<\/strong><\/span><br \/>\n<span style=\"color: #000000;\">Die HEG \u00fcbernimmt die Fahrzeuge und andere Betriebsmittel von der Localeisenbahnen-Betriebs-Gesellschaft Hamburg und f\u00fchrt somit fortan auch den Fahrbetrieb unter eigener Verwaltung durch.<\/span><\/p>\n<p style=\"padding-left: 30px;\">\u00a0<span style=\"color: #000000;\"><strong>06.06.1900\u00a0\u00a0\u00a0 Die Kleinbahn Hoya-Syke-Asendorf (HSA) f\u00e4hrt von Hoya nach Syke<\/strong><\/span><br \/>\n<span style=\"color: #000000;\"> Nach der Gr\u00fcndung der Kleinbahn Hoya-Syke-Asendorf (HSA) gibt es nun auch eine Schienenverbindung von Hoya \u00fcber Bruchhausen-Vilsen nach Syke, und dort an die Staatsbahn Bremen-Osnabr\u00fcck.<\/span><br \/>\n<span style=\"color: #000000;\"> W\u00e4hrend der Bahnhof der HEG auf der \u00f6stlichen Weserseite liegt, befindet sich jener der neuen Kleinbahn Hoya-Syke-Asendorf auf der westlichen Seite des Flusses. Eine Schienenverbindung zwischen beiden Bahnh\u00f6fen gibt es nicht, zumal die HSA ihre Strecke schmalspurig gebaut hatte, w\u00e4hrend die HEG auf Normalspur f\u00e4hrt.<\/span><br \/>\n<span style=\"color: #000000;\"> Somit m\u00fcssen die Reisenden in Hoya umsteigen und den etwa einen Kilometer weiten Weg zwischen den Bahnh\u00f6fen \u00fcber die Weserbr\u00fccke samt Gep\u00e4ck zu Fu\u00df zur\u00fccklegen. Mit dem G\u00fcterverkehr verh\u00e4lt es sich nicht anders. Jede Ware muss am Bahnhof abgeladen, mit Fuhrwerken \u00fcber die Weser zum anderen Bahnhof gefahren, und dort wieder in den Zug verladen werden.<\/span><br \/>\n<span style=\"color: #000000;\"> Es gibt nun also zwei Kleinbahnen in Hoya, aber noch keine durchgehende Bahnverbindung zwischen Eystrup und Syke.<\/span><\/p>\n<p style=\"padding-left: 30px;\"><span style=\"color: #000000;\"><strong>August 1908<\/strong>\u00a0\u00a0\u00a0 <strong>HEG nimmt Kredit f\u00fcr eine Verbindung \u00fcber die Weser auf<\/strong><\/span><br \/>\n<span style=\"color: #000000;\"> Um das teure und langwierige Umladen der G\u00fcter, sowie das umst\u00e4ndliche Umsteigen der Fahrg\u00e4ste zwischen den Bahnh\u00f6fen der HEG und der HSA zu vereinfachen, beschloss die HSA schon ein Jahr zuvor, 1907, eine Eisenbahnbr\u00fccke \u00fcber die Weser zu bauen. Ein normalspuriges Stichgleis zwischen den Bahnh\u00f6fen sollte es der HEG erm\u00f6glichen, gegen eine Benutzungsgeb\u00fchr direkt in den HSA-Bahnhof einzufahren. Dies f\u00fchrte jedoch immer wieder zu Differenzen, so dass die HEG erst 1908 einem solchen Projekt -begleitet von viel Mi\u00dftrauen- zustimmt.<\/span><\/p>\n<div id=\"attachment_731\" style=\"width: 310px\" class=\"wp-caption alignright\"><a href=\"http:\/\/hoyaer-eisenbahn.de\/wp-content\/uploads\/2012\/08\/801113.jpg\" target=\"_blank\"><img loading=\"lazy\" decoding=\"async\" aria-describedby=\"caption-attachment-731\" class=\"size-medium wp-image-731\" title=\"801113\" alt=\"\" src=\"http:\/\/hoyaer-eisenbahn.de\/wp-content\/uploads\/2012\/08\/801113-300x208.jpg\" width=\"300\" height=\"208\" srcset=\"http:\/\/hoyaer-eisenbahn.de\/wp-content\/uploads\/2012\/08\/801113-300x208.jpg 300w, http:\/\/hoyaer-eisenbahn.de\/wp-content\/uploads\/2012\/08\/801113.jpg 640w\" sizes=\"(max-width: 300px) 100vw, 300px\" \/><\/a><p id=\"caption-attachment-731\" class=\"wp-caption-text\">Die Br\u00fccke ist bereits fertiggestellt, am Damm wird noch gebaut. (Bild: Archiv VGH)<\/p><\/div>\n<p style=\"padding-left: 30px;\"><span style=\"color: #000000;\"><strong>1910\u00a0\u00a0\u00a0 Bau der Eisenbahnbr\u00fccke \u00fcber die Weser<\/strong><\/span><span style=\"color: #000000;\"><br \/>\nNach der Beseitigung finanzieller Probleme und der Beendigung der langwierigen Genehmigungsverfahren, wird 1910 mit dem Bau der Bahnbr\u00fccke \u00fcber die Weser begonnen. Geleitet wird das Projekt von der HSA. Im schmalspurigen HSA-Bahnhof werden zudem normalspurige Gleisanlagen, sowie ein Bahnsteig f\u00fcr den Betrieb der HEG gebaut.<\/span><br \/>\n<span style=\"color: #000000;\"> Auch das Bahnhofsgeb\u00e4ude der HSA wird erweitert, um eine gemeinsame Nutzung mit der HEG zu erm\u00f6glichen.<\/span><\/p>\n<p style=\"padding-left: 30px;\"><span style=\"color: #000000;\"><strong>06.10.1912\u00a0\u00a0\u00a0 Einweihung von Weserbr\u00fccke und Gemeinschaftsbahnhof<br \/>\n<\/strong>Die fertiggestellte Weserbr\u00fccke wird in Betrieb genommen. Der letzte Zug verl\u00e4sst den HEG-Bahnhof auf der \u00f6stlichen Weserseite und trifft sp\u00e4ter auf den normalspurigen Gleisanlagen im neuen Gemeinschaftsbahnhof ein. Die Verwaltung der HEG war zuvor bereits in die neuen R\u00e4ume des Gemeinschaftsbahnhofes eingezogen.<\/span><br \/>\n<span style=\"color: #000000;\"> Der alte HEG-Bahnhof, Lok- und G\u00fcterschuppen werden zwar verkauft, wegen des noch immer anhaltenden Mi\u00dftrauens zwischen den beiden Kleinbahnen bleiben die Gleisanlagen jedoch noch einige Jahre erhalten, bis auch sie sp\u00e4ter abgebaut werden.<\/span><br \/>\n<span style=\"color: #000000;\"> Das Bahnhofsgeb\u00e4ude der HEG ist heute noch immer erhalten, es befindet sich am Hasseler Steinweg unweit des B\u00fcrgerparks.<\/span><\/p>\n<p style=\"padding-left: 30px;\"><a href=\"http:\/\/hoyaer-eisenbahn.de\/wp-content\/uploads\/2012\/08\/EG-Hoya.jpg\" target=\"_blank\"><img loading=\"lazy\" decoding=\"async\" class=\"alignnone  wp-image-749\" title=\"EG Hoya\" alt=\"\" src=\"http:\/\/hoyaer-eisenbahn.de\/wp-content\/uploads\/2012\/08\/EG-Hoya-300x212.jpg\" width=\"180\" height=\"127\" srcset=\"http:\/\/hoyaer-eisenbahn.de\/wp-content\/uploads\/2012\/08\/EG-Hoya-300x212.jpg 300w, http:\/\/hoyaer-eisenbahn.de\/wp-content\/uploads\/2012\/08\/EG-Hoya.jpg 640w\" sizes=\"(max-width: 180px) 100vw, 180px\" \/><\/a>\u00a0\u00a0<a href=\"http:\/\/hoyaer-eisenbahn.de\/wp-content\/uploads\/2012\/08\/HEG-Gleisanlagen-Hoya.jpg\" target=\"_blank\"><img loading=\"lazy\" decoding=\"async\" class=\"alignnone  wp-image-750\" title=\"HEG Gleisanlagen Hoya\" alt=\"\" src=\"http:\/\/hoyaer-eisenbahn.de\/wp-content\/uploads\/2012\/08\/HEG-Gleisanlagen-Hoya-300x214.jpg\" width=\"180\" height=\"128\" srcset=\"http:\/\/hoyaer-eisenbahn.de\/wp-content\/uploads\/2012\/08\/HEG-Gleisanlagen-Hoya-300x214.jpg 300w, http:\/\/hoyaer-eisenbahn.de\/wp-content\/uploads\/2012\/08\/HEG-Gleisanlagen-Hoya.jpg 640w\" sizes=\"(max-width: 180px) 100vw, 180px\" \/><\/a>\u00a0 <a href=\"http:\/\/hoyaer-eisenbahn.de\/wp-content\/uploads\/2012\/08\/Lok-2-Hoya.jpg\" target=\"_blank\"><img loading=\"lazy\" decoding=\"async\" class=\"alignnone  wp-image-1678\" title=\"Lok 2 Hoya\" alt=\"\" src=\"http:\/\/hoyaer-eisenbahn.de\/wp-content\/uploads\/2012\/08\/Lok-2-Hoya-300x208.jpg\" width=\"180\" height=\"125\" srcset=\"http:\/\/hoyaer-eisenbahn.de\/wp-content\/uploads\/2012\/08\/Lok-2-Hoya-300x208.jpg 300w, http:\/\/hoyaer-eisenbahn.de\/wp-content\/uploads\/2012\/08\/Lok-2-Hoya.jpg 992w\" sizes=\"(max-width: 180px) 100vw, 180px\" \/><\/a><\/p>\n<h5 style=\"padding-left: 30px;\">1. Das Bahnhofsgeb\u00e4ude der HSA wurde f\u00fcr die gemeinsame Nutzung an beiden Seiten erweitert. In einem der \u00e4u\u00dferen Fl\u00fcgel residiert fortan die Verwaltung der HSA, im anderen die der HEG. (Bild: Archiv VGH)<br \/>\n2. Der Bahnhof Hoya verf\u00fcgt fortan \u00fcber eine Normalspur- und eine Schmalspur-Gleisanlage. Der Triebwagenschuppen im Hintergrund wurde 1936 f\u00fcr den T1 gebaut. (Bild: Harald O. Kindermann)<br \/>\n3. Der HEG-Lokschuppen mit Lok 2. (Bild: Harald O. Kindermann)<\/h5>\n<p style=\"padding-left: 30px;\"><span style=\"color: #000000;\"><strong>1939-1945\u00a0\u00a0\u00a0 Entwicklungen im 2. Weltkrieg<\/strong><\/span><br \/>\n<span style=\"color: #000000;\"> Auf den Strecken von HEG und HSA steigt die Personenbef\u00f6rderung, wie auch der Transport von G\u00fctern im Krieg stark an, da es an anderen Transportmitteln zunehmend mangelt.<\/span><br \/>\n<span style=\"color: #000000;\"> Die Bahnstrecken der HEG und der HSA zwischen Eystrup und Hoya, sowie Hoya und Syke, werden im Laufe des 2. Weltkriegs als strategisch wichtige Strecke erkannt. Sie bilden eine s\u00fcdliche Verbindung zwischen den Hauptbahnen Hannover-Bremen und Bremen-Osnabr\u00fcck. Da Bremen gegen Ende des Krieges immer wieder bombardiert wird, werden zunehmend Z\u00fcge nicht mehr \u00fcber die Hansestadt, sondern \u00fcber die Strecken zwischen Eystrup und Syke gefahren. Dabei werden in Hoya und Syke st\u00e4ndig (normalspurige) G\u00fcterz\u00fcge auf Rollb\u00f6cke gesetzt, um den Transfer \u00fcber die Schmalspurstrecke der HSA zu erm\u00f6glichen, sowie zus\u00e4tzlich G\u00fcter in Schmalspurwagen umgeladen.<\/span><br \/>\n<span style=\"color: #000000;\"> Da sich in Hoya nicht weit der HEG-Strecke ein Flugplatz f\u00fcr eine Abfangstaffel f\u00fcr den Bremer Raum befindet, kommt es hier zu Flugzeugangriffen und Bombenabw\u00fcrfen, welche auch die Z\u00fcge betreffen.<\/span><br \/>\n<span style=\"color: #000000;\"> Am Ende des Krieges befinden sich Strecken und Fahrzeuge von HEG und HSA durch die ungewohnt hohe Dauerbeanspruchung in einem \u00e4u\u00dferst mangelhaften Zustand.<\/span><\/p>\n<p style=\"padding-left: 30px;\"><span style=\"color: #000000;\"><strong>07.04.1945\u00a0\u00a0\u00a0 Sprengung der Weserbr\u00fccken in Hoya <\/strong><br \/>\nTrotz des v\u00f6llig desolaten Zustandes der beiden Strecken von HEG und HSA wird die Eisenbahnbr\u00fccke \u00fcber die Weser in Hoya, gemeinsam mit der Stra\u00dfenbr\u00fccke, am Morgen des 07.04.1945 von deutschen Soldaten gesprengt, um das Vorankommen der alliierten Truppen zu verhindern.<\/span><\/p>\n<p style=\"padding-left: 30px;\"><span style=\"color: #000000;\"><strong>17.10.1947\u00a0\u00a0\u00a0 Wiederinbetriebnahme der Weserbr\u00fccke<\/strong><\/span><br \/>\n<span style=\"color: #000000;\"> Die zerst\u00f6rte Weserbr\u00fccke wurde aus Teilen der in der Weser liegenden, alten Br\u00fccke neu errichtet und am 17.10.1947 eingeweiht.<\/span><br \/>\n<span style=\"color: #000000;\"> Auch die Strecken und der Fahrzeugbestand beider Bahnen k\u00f6nnen weitestgehend wiederhergestellt werden.<\/span><\/p>\n<p style=\"padding-left: 30px;\"><a href=\"http:\/\/hoyaer-eisenbahn.de\/wp-content\/uploads\/2012\/08\/tn_801006.jpg\" target=\"_blank\"><img loading=\"lazy\" decoding=\"async\" class=\"alignnone size-thumbnail wp-image-734\" title=\"tn_801006\" alt=\"\" src=\"http:\/\/hoyaer-eisenbahn.de\/wp-content\/uploads\/2012\/08\/tn_801006-150x150.jpg\" width=\"150\" height=\"150\" \/><\/a> <a href=\"http:\/\/hoyaer-eisenbahn.de\/wp-content\/uploads\/2012\/08\/tn_801007.jpg\" target=\"_blank\"><img loading=\"lazy\" decoding=\"async\" class=\"alignnone size-thumbnail wp-image-735\" title=\"tn_801007\" alt=\"\" src=\"http:\/\/hoyaer-eisenbahn.de\/wp-content\/uploads\/2012\/08\/tn_801007-150x150.jpg\" width=\"150\" height=\"150\" srcset=\"http:\/\/hoyaer-eisenbahn.de\/wp-content\/uploads\/2012\/08\/tn_801007-150x150.jpg 150w, http:\/\/hoyaer-eisenbahn.de\/wp-content\/uploads\/2012\/08\/tn_801007-300x300.jpg 300w, http:\/\/hoyaer-eisenbahn.de\/wp-content\/uploads\/2012\/08\/tn_801007.jpg 640w\" sizes=\"(max-width: 150px) 100vw, 150px\" \/><\/a> <a href=\"http:\/\/hoyaer-eisenbahn.de\/wp-content\/uploads\/2012\/08\/tn_801027.jpg\" target=\"_blank\"><img loading=\"lazy\" decoding=\"async\" class=\"alignnone size-thumbnail wp-image-736\" title=\"tn_801027\" alt=\"\" src=\"http:\/\/hoyaer-eisenbahn.de\/wp-content\/uploads\/2012\/08\/tn_801027-150x150.jpg\" width=\"150\" height=\"150\" \/><\/a> <a href=\"http:\/\/hoyaer-eisenbahn.de\/wp-content\/uploads\/2012\/08\/tn_801028.jpg\" target=\"_blank\"><img loading=\"lazy\" decoding=\"async\" class=\"alignnone size-thumbnail wp-image-737\" title=\"tn_801028\" alt=\"\" src=\"http:\/\/hoyaer-eisenbahn.de\/wp-content\/uploads\/2012\/08\/tn_801028-150x150.jpg\" width=\"150\" height=\"150\" \/><\/a> <a href=\"http:\/\/hoyaer-eisenbahn.de\/wp-content\/uploads\/2012\/08\/tn_801030.jpg\" target=\"_blank\"><img loading=\"lazy\" decoding=\"async\" class=\"alignnone size-thumbnail wp-image-738\" title=\"tn_801030\" alt=\"\" src=\"http:\/\/hoyaer-eisenbahn.de\/wp-content\/uploads\/2012\/08\/tn_801030-150x150.jpg\" width=\"150\" height=\"150\" \/><\/a><\/p>\n<h5 style=\"padding-left: 30px;\">Die im Krieg zerst\u00f6rte Weserbr\u00fccke wird wieder aufgebaut und am 17.10.1947 wiederer\u00f6ffnet. (Bilder: Archiv VGH)<\/h5>\n<p style=\"padding-left: 30px;\"><span style=\"color: #000000;\"><strong>06.02.1961\u00a0\u00a0\u00a0 Erste Schritte zur Fusion von HEG und HSAE<\/strong><\/span><br \/>\n<span style=\"color: #000000;\"> Den beiden Bahnen machen nach wie vor die unterschiedlichen Spurweiten und hohe Kosten durch die immer noch getrennte Betriebsf\u00fchrung zu schaffen. Es wird klar, dass dieser Umstand einem Fortbestand beider Unternehmen zuk\u00fcnftig im Wege stehen k\u00f6nnte.<\/span><br \/>\n<span style=\"color: #000000;\"> Nachdem bereits mehrere Anl\u00e4ufe zur Umspurung der schmalspurigen HSA-Strecke Hoya-Syke gescheitert waren, beschlie\u00dft der Kreistag am 06.02.1961 die F\u00f6rderung sowohl eines Zusammenschlusses von HEG und HSAE (die HSA hatte sich in den 1950er Jahren in &#8222;Hoya-Syke-Asendorfer Eisenbahn&#8220; -HSAE- umbenannt), als auch einer Umspurung zwischen Hoya und Syke.<\/span><\/p>\n<p style=\"padding-left: 30px;\"><span style=\"color: #000000;\"><strong>01.01.1963\u00a0\u00a0\u00a0 Fusion von HEG und HSAE &#8211; die Verkehrsbetriebe Grafschaft Hoya (VGH) entstehen<\/strong><\/span><br \/>\n<span style=\"color: #000000;\"> Am 01.01.1963 fusionieren die Hoyaer Eisenbahn-Gesellschaft und die Hoya-Syke-Asendorfer Eisenbahn zu einer Gesellschaft, den &#8222;Verkehrsbetrieben Grafschaft Hoya&#8220; (VGH).<\/span><\/p>\n<h5><em>Quellen:<\/em><br \/>\n&#8211;<em> Archiv Verkehrsbetriebe Grafschaft Hoya GmbH<br \/>\n&#8211; Archiv Deutscher Eisenbahn Verein e.V.<br \/>\n&#8211; Ingo Westermann: &#8222;Die Geschichte der Hoyaer Eisenbahn-Gesellschaft und der Kleinbahn Hoya-Syke-Asendorf&#8220; Herausgeber: Deutscher Eisenbahn Verein e.V.<br \/>\n&#8211; Harald O. Kindermann<br \/>\n<\/em><\/h5>\n<p>&nbsp;<\/p>\n<p>&nbsp;<\/p>\n<p><em><br \/>\n<\/em><\/p>\n","protected":false},"excerpt":{"rendered":"<p>21.06.1879\u00a0 \u00a0 Gr\u00fcndung der Hoyaer Eisenbahn-Gesellschaft (HEG) In Hoya besteht der Wunsch nach einer Schienenverbindung von Hoya an die Staatsbahn Hannover-Bremen, um die Entwicklung von Landwirtschaft und Handel voranzutreiben. Die Aktien der neuen Bahngesellschaft liegen beim Flecken Hoya und dem &hellip; <a class=\"more-link\" href=\"http:\/\/hoyaer-eisenbahn.de\/?page_id=182\">Continue reading <span class=\"meta-nav\">&rarr;<\/span><\/a><\/p>\n","protected":false},"author":1,"featured_media":0,"parent":6,"menu_order":1,"comment_status":"closed","ping_status":"closed","template":"onecolumn-page.php","meta":{"footnotes":""},"_links":{"self":[{"href":"http:\/\/hoyaer-eisenbahn.de\/index.php?rest_route=\/wp\/v2\/pages\/182"}],"collection":[{"href":"http:\/\/hoyaer-eisenbahn.de\/index.php?rest_route=\/wp\/v2\/pages"}],"about":[{"href":"http:\/\/hoyaer-eisenbahn.de\/index.php?rest_route=\/wp\/v2\/types\/page"}],"author":[{"embeddable":true,"href":"http:\/\/hoyaer-eisenbahn.de\/index.php?rest_route=\/wp\/v2\/users\/1"}],"replies":[{"embeddable":true,"href":"http:\/\/hoyaer-eisenbahn.de\/index.php?rest_route=%2Fwp%2Fv2%2Fcomments&post=182"}],"version-history":[{"count":59,"href":"http:\/\/hoyaer-eisenbahn.de\/index.php?rest_route=\/wp\/v2\/pages\/182\/revisions"}],"predecessor-version":[{"id":2497,"href":"http:\/\/hoyaer-eisenbahn.de\/index.php?rest_route=\/wp\/v2\/pages\/182\/revisions\/2497"}],"up":[{"embeddable":true,"href":"http:\/\/hoyaer-eisenbahn.de\/index.php?rest_route=\/wp\/v2\/pages\/6"}],"wp:attachment":[{"href":"http:\/\/hoyaer-eisenbahn.de\/index.php?rest_route=%2Fwp%2Fv2%2Fmedia&parent=182"}],"curies":[{"name":"wp","href":"https:\/\/api.w.org\/{rel}","templated":true}]}}