{"id":1180,"date":"2012-09-26T07:49:26","date_gmt":"2012-09-26T07:49:26","guid":{"rendered":"http:\/\/hoyaer-eisenbahn.de\/?page_id=1180"},"modified":"2016-02-21T08:36:08","modified_gmt":"2016-02-21T08:36:08","slug":"t3-dwk","status":"publish","type":"page","link":"http:\/\/hoyaer-eisenbahn.de\/?page_id=1180","title":{"rendered":"T3 (DWK)"},"content":{"rendered":"<p><strong>Baureihe:<\/strong> Typ V<br \/>\n<strong>Hersteller:<\/strong> Deutsche Werke Kiel (DWK)<br \/>\n<strong>Fabriknummer:<\/strong> 66<br \/>\n<strong>Baujahr:<\/strong> 1925<\/p>\n<p>1925 liefern die Deutsche Werke Kiel (DWK) einen 18,4 m langen, vierachsigen Triebwagen vom Typ V an die Deutsche Reichsbahn, wo er als &#8222;101 Altona&#8220; eingestellt wird. Die Deutsche Bundesbahn f\u00fchrt ihn sp\u00e4ter als &#8222;85 901&#8220;.<br \/>\nIm Dezember 1950 wird der Triebwagen zun\u00e4chst von der DB ausgemustert und etwa ein halbes Jahr sp\u00e4ter ohne Antriebseinheit an die Niederweserbahn (NWB) ver\u00e4u\u00dfert. In Bremerhaven-Wulsdorf wird das Fahrzeug, welches hier als &#8222;T157&#8220; laufen wird, zun\u00e4chst umfassend aufgearbeitet. Der Triebwagen erh\u00e4lt einen neuen Antrieb mit zwei 145 PS starken Deutz-Motoren, die markanten K\u00fchler auf dem Fahrzeugdach werden entfernt und eine gro\u00dfe Frontscheibe eingesetzt.<br \/>\nKurz vor Einstellung des Personenverkehrs auf den Schienen der Niederweserbahn wird der Triebwagen an die Verkehrsbetriebe Grafschaft Hoya (VGH) verkauft, wo er 1963 oder 1964 als &#8222;T3&#8220; eintrifft. Das genaue Verkaufsjahr ist unklar; m\u00f6glicherweise war der Triebwagen schon vor der offiziellen \u00dcbergabe an die VGH als Leihfahrzeug in Hoya.<br \/>\n1972 wird bei den VGH der Schienen-Personenverkehr durch Busse ersetzt, der T3 wird nicht mehr ben\u00f6tigt und 1974 in die Niederlande verkauft. Hier verkehrt er bei der Museumseisenbahn Stoomtrein Goes-Borsele als &#8222;Mb51&#8220;, wo er auch vor G\u00fcterz\u00fcgen eingesetzt wird. Sp\u00e4ter erleidet der Triebwagen einen kapitalen Motorschaden und wird im Jahr 1981 verschrottet.<\/p>\n<ul>\n<li>1925 \u2013 Lieferung an die Deutsche Reichsbahn als &#8222;101 Altona&#8220;, sp\u00e4ter &#8222;751&#8220;<\/li>\n<li>1948 \u2013 an die Deutsche Bundesbahn (DB) als &#8222;85 901&#8220;<\/li>\n<li>1950\u00a0\u2013 Ausmusterung<\/li>\n<li>1951\u00a0\u2013 an Niederweserbahn GmbH (NWB), Bremerhaven-Wulsdorf als &#8222;T157&#8220;<\/li>\n<li>1963 oder &#8217;64 \u2013 an Verkehrsbetriebe Grafschaft Hoya GmbH (VGH) als &#8222;T3&#8220;<\/li>\n<li>1974\u00a0\u2013 an Museumseisenbahn Stoomtrein Goes-Borsele (Niederlande) als &#8222;Mb51&#8220;<\/li>\n<li>1981 \u2013 verschrottet nach Motorsch\u00e4den<\/li>\n<\/ul>\n<p><a href=\"http:\/\/hoyaer-eisenbahn.de\/wp-content\/uploads\/2012\/09\/T3-DWK-Bru-Vi-1968-06-01.jpg\" target=\"_blank\"><img loading=\"lazy\" decoding=\"async\" class=\"alignnone  wp-image-1508\" title=\"T3 (DWK) Bru-Vi 1968-06-01\" alt=\"\" src=\"http:\/\/hoyaer-eisenbahn.de\/wp-content\/uploads\/2012\/09\/T3-DWK-Bru-Vi-1968-06-01-300x218.jpg\" width=\"180\" height=\"131\" srcset=\"http:\/\/hoyaer-eisenbahn.de\/wp-content\/uploads\/2012\/09\/T3-DWK-Bru-Vi-1968-06-01-300x218.jpg 300w, http:\/\/hoyaer-eisenbahn.de\/wp-content\/uploads\/2012\/09\/T3-DWK-Bru-Vi-1968-06-01.jpg 812w\" sizes=\"(max-width: 180px) 100vw, 180px\" \/><\/a> \u00a0<a href=\"http:\/\/hoyaer-eisenbahn.de\/wp-content\/uploads\/2012\/09\/T3-DWK-Hoya.jpg\" target=\"_blank\"><img loading=\"lazy\" decoding=\"async\" class=\"alignnone  wp-image-1694\" title=\"T3 DWK Hoya\" alt=\"\" src=\"http:\/\/hoyaer-eisenbahn.de\/wp-content\/uploads\/2012\/09\/T3-DWK-Hoya-300x192.jpg\" width=\"180\" height=\"115\" srcset=\"http:\/\/hoyaer-eisenbahn.de\/wp-content\/uploads\/2012\/09\/T3-DWK-Hoya-300x192.jpg 300w, http:\/\/hoyaer-eisenbahn.de\/wp-content\/uploads\/2012\/09\/T3-DWK-Hoya.jpg 989w\" sizes=\"(max-width: 180px) 100vw, 180px\" \/><\/a>\u00a0 <a href=\"http:\/\/hoyaer-eisenbahn.de\/wp-content\/uploads\/2012\/09\/tn_Unbenannt-3.jpg\" target=\"_blank\"><img loading=\"lazy\" decoding=\"async\" class=\"alignnone  wp-image-1183\" title=\"T3 DWK 1\" alt=\"\" src=\"http:\/\/hoyaer-eisenbahn.de\/wp-content\/uploads\/2012\/09\/tn_Unbenannt-3-300x201.jpg\" width=\"180\" height=\"121\" srcset=\"http:\/\/hoyaer-eisenbahn.de\/wp-content\/uploads\/2012\/09\/tn_Unbenannt-3-300x201.jpg 300w, http:\/\/hoyaer-eisenbahn.de\/wp-content\/uploads\/2012\/09\/tn_Unbenannt-3.jpg 640w\" sizes=\"(max-width: 180px) 100vw, 180px\" \/><\/a> \u00a0<a href=\"http:\/\/hoyaer-eisenbahn.de\/wp-content\/uploads\/2012\/09\/tn_HSA130.jpg\" target=\"_blank\"><img loading=\"lazy\" decoding=\"async\" class=\"alignnone  wp-image-1184\" title=\"T3 DWK 2\" alt=\"\" src=\"http:\/\/hoyaer-eisenbahn.de\/wp-content\/uploads\/2012\/09\/tn_HSA130-300x195.jpg\" width=\"180\" height=\"117\" srcset=\"http:\/\/hoyaer-eisenbahn.de\/wp-content\/uploads\/2012\/09\/tn_HSA130-300x195.jpg 300w, http:\/\/hoyaer-eisenbahn.de\/wp-content\/uploads\/2012\/09\/tn_HSA130.jpg 640w\" sizes=\"(max-width: 180px) 100vw, 180px\" \/><\/a><\/p>\n<h5>1.)\u00a0 Am Bahnsteig in Bruchhausen-Vilsen wartet der T3 am 01.06.1968. (Bild: Archiv Deutscher Eisenbahn-Verein e.V.)<br \/>\n2.)\u00a0 Am 11. Februar 1964 steht der T3 vor dem Triebwagenschuppen in Hoya. (Bild: Harald O. Kindermann)<br \/>\n3.)\u00a0 Der T3 in Eystrup, dahinter T2 und T1.\u00a0 (Bild: Archiv H. M\u00fcller-Kuntzer)<br \/>\n4.)\u00a0 (Bild: Archiv VGH)<\/h5>\n<p><a href=\"http:\/\/hoyaer-eisenbahn.de\/wp-content\/uploads\/2012\/09\/T3-DWK-1972-03-25.jpg\" target=\"_blank\"><img loading=\"lazy\" decoding=\"async\" class=\"alignnone  wp-image-2065\" alt=\"T3 DWK 1972-03-25\" src=\"http:\/\/hoyaer-eisenbahn.de\/wp-content\/uploads\/2012\/09\/T3-DWK-1972-03-25-219x300.jpg\" width=\"131\" height=\"180\" srcset=\"http:\/\/hoyaer-eisenbahn.de\/wp-content\/uploads\/2012\/09\/T3-DWK-1972-03-25-219x300.jpg 219w, http:\/\/hoyaer-eisenbahn.de\/wp-content\/uploads\/2012\/09\/T3-DWK-1972-03-25.jpg 586w\" sizes=\"(max-width: 131px) 100vw, 131px\" \/><\/a>\u00a0 <a href=\"http:\/\/hoyaer-eisenbahn.de\/wp-content\/uploads\/2014\/02\/Mb51-1974-07-31-Kwadendamme.jpg\" target=\"_blank\"><img loading=\"lazy\" decoding=\"async\" class=\"alignnone  wp-image-2219\" alt=\"Mb51 1974-07-31 Kwadendamme\" src=\"http:\/\/hoyaer-eisenbahn.de\/wp-content\/uploads\/2014\/02\/Mb51-1974-07-31-Kwadendamme-300x189.jpg\" width=\"180\" height=\"113\" srcset=\"http:\/\/hoyaer-eisenbahn.de\/wp-content\/uploads\/2014\/02\/Mb51-1974-07-31-Kwadendamme-300x189.jpg 300w, http:\/\/hoyaer-eisenbahn.de\/wp-content\/uploads\/2014\/02\/Mb51-1974-07-31-Kwadendamme.jpg 800w\" sizes=\"(max-width: 180px) 100vw, 180px\" \/><\/a>\u00a0 <a href=\"http:\/\/hoyaer-eisenbahn.de\/wp-content\/uploads\/2014\/02\/Mb51-1975-03-08-Kwadendamme-2.jpg\" target=\"_blank\"><img loading=\"lazy\" decoding=\"async\" class=\"alignnone  wp-image-2221\" alt=\"Mb51 1975-03-08 Kwadendamme (2)\" src=\"http:\/\/hoyaer-eisenbahn.de\/wp-content\/uploads\/2014\/02\/Mb51-1975-03-08-Kwadendamme-2-300x204.jpg\" width=\"180\" height=\"122\" srcset=\"http:\/\/hoyaer-eisenbahn.de\/wp-content\/uploads\/2014\/02\/Mb51-1975-03-08-Kwadendamme-2-300x204.jpg 300w, http:\/\/hoyaer-eisenbahn.de\/wp-content\/uploads\/2014\/02\/Mb51-1975-03-08-Kwadendamme-2.jpg 800w\" sizes=\"(max-width: 180px) 100vw, 180px\" \/><\/a>\u00a0 <a href=\"http:\/\/hoyaer-eisenbahn.de\/wp-content\/uploads\/2014\/02\/Mb51-1981-07-12-\u2019s-Gravenpolder.jpg\" target=\"_blank\"><img loading=\"lazy\" decoding=\"async\" class=\"alignnone  wp-image-2222\" alt=\"Mb51 1981-07-12 \u2019s-Gravenpolder\" src=\"http:\/\/hoyaer-eisenbahn.de\/wp-content\/uploads\/2014\/02\/Mb51-1981-07-12-\u2019s-Gravenpolder-300x204.jpg\" width=\"180\" height=\"122\" srcset=\"http:\/\/hoyaer-eisenbahn.de\/wp-content\/uploads\/2014\/02\/Mb51-1981-07-12-\u2019s-Gravenpolder-300x204.jpg 300w, http:\/\/hoyaer-eisenbahn.de\/wp-content\/uploads\/2014\/02\/Mb51-1981-07-12-\u2019s-Gravenpolder.jpg 800w\" sizes=\"(max-width: 180px) 100vw, 180px\" \/><\/a><\/p>\n<h5>1.)\u00a0 An der Syker Kirche vorbei, f\u00e4hrt der Triebwagen am 25. M\u00e4rz 1972 in Richtung Hoya.\u00a0 (Bild: Harald O. Kindermann)<br \/>\n2.)\u00a0 Mit einigen ehemaligen Wagen der Nederlandse Spoorwegen durchf\u00e4hrt der Triebwagen, nun als Mb51 eingesetzt bei der Stoomtrein Goes-Borsele, am 31. Juli 1974 Kwadendamme. (Bild: Jan Strooband)<br \/>\n3.)\u00a0 Darstellern und Statisten dient Mb51 w\u00e4hrend Dreharbeiten zu einem TV-Film als Zubringer in Kwadendamme. 08.03.1975 (Bild: Jan Strooband)<br \/>\n4.)\u00a0 Kurz vor der Verschrottung: Das Interieur liegt am 12.07.1981 bereits auf der alten Ladestra\u00dfe von \u2018s-Gravenpolder\u2026\u00a0(Bild: Jan Strooband)<\/h5>\n<p>&nbsp;<\/p>\n<h5><em>Quellen:<\/em><br \/>\n<em>&#8211; Archiv Verkehrsbetriebe Grafschaft Hoya GmbH<br \/>\n&#8211; Archiv Deutscher Eisenbahn-Verein.e.V.<br \/>\n&#8211; Archiv H. M\u00fcller-Kuntzer<br \/>\n&#8211; Harald O. Kindermann<br \/>\n&#8211; Stoomtrein Goes-Borsele (Niederlande)<br \/>\n&#8211; Archiv J. Strooband<br \/>\n&#8211; loks-aus-kiel.de<br \/>\n&#8211; Dr. R. L\u00f6ttgers: &#8222;Die Triebwagen der Deutschen Werke Kiel&#8220;, Verlag Uhle &amp; Kleimann<br \/>\n<\/em><\/h5>\n","protected":false},"excerpt":{"rendered":"<p>Baureihe: Typ V Hersteller: Deutsche Werke Kiel (DWK) Fabriknummer: 66 Baujahr: 1925 1925 liefern die Deutsche Werke Kiel (DWK) einen 18,4 m langen, vierachsigen Triebwagen vom Typ V an die Deutsche Reichsbahn, wo er als &#8222;101 Altona&#8220; eingestellt wird. Die &hellip; <a class=\"more-link\" href=\"http:\/\/hoyaer-eisenbahn.de\/?page_id=1180\">Continue reading <span class=\"meta-nav\">&rarr;<\/span><\/a><\/p>\n","protected":false},"author":1,"featured_media":0,"parent":617,"menu_order":0,"comment_status":"closed","ping_status":"closed","template":"onecolumn-page.php","meta":{"footnotes":""},"_links":{"self":[{"href":"http:\/\/hoyaer-eisenbahn.de\/index.php?rest_route=\/wp\/v2\/pages\/1180"}],"collection":[{"href":"http:\/\/hoyaer-eisenbahn.de\/index.php?rest_route=\/wp\/v2\/pages"}],"about":[{"href":"http:\/\/hoyaer-eisenbahn.de\/index.php?rest_route=\/wp\/v2\/types\/page"}],"author":[{"embeddable":true,"href":"http:\/\/hoyaer-eisenbahn.de\/index.php?rest_route=\/wp\/v2\/users\/1"}],"replies":[{"embeddable":true,"href":"http:\/\/hoyaer-eisenbahn.de\/index.php?rest_route=%2Fwp%2Fv2%2Fcomments&post=1180"}],"version-history":[{"count":19,"href":"http:\/\/hoyaer-eisenbahn.de\/index.php?rest_route=\/wp\/v2\/pages\/1180\/revisions"}],"predecessor-version":[{"id":2619,"href":"http:\/\/hoyaer-eisenbahn.de\/index.php?rest_route=\/wp\/v2\/pages\/1180\/revisions\/2619"}],"up":[{"embeddable":true,"href":"http:\/\/hoyaer-eisenbahn.de\/index.php?rest_route=\/wp\/v2\/pages\/617"}],"wp:attachment":[{"href":"http:\/\/hoyaer-eisenbahn.de\/index.php?rest_route=%2Fwp%2Fv2%2Fmedia&parent=1180"}],"curies":[{"name":"wp","href":"https:\/\/api.w.org\/{rel}","templated":true}]}}