{"id":1079,"date":"2012-09-24T08:30:13","date_gmt":"2012-09-24T08:30:13","guid":{"rendered":"http:\/\/hoyaer-eisenbahn.de\/?page_id=1079"},"modified":"2015-09-17T10:45:01","modified_gmt":"2015-09-17T10:45:01","slug":"33-bruchhausen","status":"publish","type":"page","link":"http:\/\/hoyaer-eisenbahn.de\/?page_id=1079","title":{"rendered":"33 &#8222;BRUCHHAUSEN&#8220;"},"content":{"rendered":"<p><strong>Baureihe:<\/strong> &#8211;<br \/>\n<strong>Hersteller:<\/strong> Hanomag<br \/>\n<strong>Fabriknummer:<\/strong> 3344<br \/>\n<strong>Baujahr:<\/strong> 1899<\/p>\n<ul>\n<li>1899 \u2013 Lieferung an die Kleinbahn Hoya-Syke-Asendorf (HSA) als Lok \u201cBRUCHHAUSEN\u201d<\/li>\n<li>1963 \u2013 an Verkehrsbetriebe Grafschaft Hoya GmbH (VGH)<\/li>\n<li>1966 \u2013 an Deutscher Eisenbahn Verein e.V. (DEV)<\/li>\n<li>1971 &#8211; als Denkmal am Bahnhof Bruchhausen-Vilsen aufgestellt<\/li>\n<\/ul>\n<p>Hanomag lieferte im Jahre 1900 vier baugleiche Lokomotiven an die Kleinbahn Hoya-Syke-Asendorf (HSA). Diese Loks wurden bei der HSA unter den Namen \u201cHOYA\u201d, \u201cSYKE\u201d, \u201cVILSEN\u201d und \u201cBRUCHHAUSEN\u201d gef\u00fchrt. 1902 kam die Lok \u201cASENDORF\u201d hinzu, und 1912 Lok \u201cB\u00dcCKEN\u201d.<br \/>\nW\u00e4hrend der Betriebsf\u00fchrung der HSA durch das Landeskleinbahnamt Hannover erhielten die Maschinen zus\u00e4tzlich zu ihren Namen Betriebsnummern.<br \/>\nDie &#8222;BRUCHHAUSEN&#8220; wurde der 1966 in Bruchhausen-Vilsen gegr\u00fcndeten Museumsbahn im gleichen Jahr von den VGH leihweise zur Nutzung zur Verf\u00fcgung gestellt. Da der Verein die 1967 f\u00e4llige Hauptuntersuchung der Lok nicht bestreiten konnte, fuhr sie Anfang September ihren letzten Zug bei der Museumseisenbahn. 1971 wurde die &#8222;BRUCHHAUSEN&#8220; als Denkmal vor dem Bahnhofsgeb\u00e4ude in Bruchhausen-Vilsen aufgestellt. W\u00e4hrend der Neugestaltung des Bahnhofsvorplatzes wurde die Lok 2002 nochmals optisch aufbgearbeitet und steht nun wieder als Denkmal vor dem Bahnhof.<\/p>\n<p><a href=\"http:\/\/hoyaer-eisenbahn.de\/wp-content\/uploads\/2012\/09\/Bruchhausen-1966-05-08.jpg\" target=\"_blank\"><img loading=\"lazy\" decoding=\"async\" class=\"alignnone  wp-image-2035\" alt=\"Bruchhausen 1966-05-08\" src=\"http:\/\/hoyaer-eisenbahn.de\/wp-content\/uploads\/2012\/09\/Bruchhausen-1966-05-08-300x195.jpg\" width=\"208\" height=\"135\" srcset=\"http:\/\/hoyaer-eisenbahn.de\/wp-content\/uploads\/2012\/09\/Bruchhausen-1966-05-08-300x195.jpg 300w, http:\/\/hoyaer-eisenbahn.de\/wp-content\/uploads\/2012\/09\/Bruchhausen-1966-05-08.jpg 800w\" sizes=\"(max-width: 208px) 100vw, 208px\" \/><\/a>\u00a0 <a href=\"http:\/\/hoyaer-eisenbahn.de\/wp-content\/uploads\/2012\/09\/Bruchhausen-1960-09-XX_2.jpg\" target=\"_blank\"><img loading=\"lazy\" decoding=\"async\" class=\"alignnone  wp-image-2037\" alt=\"Bruchhausen 1960-09-XX_2\" src=\"http:\/\/hoyaer-eisenbahn.de\/wp-content\/uploads\/2012\/09\/Bruchhausen-1960-09-XX_2-300x185.jpg\" width=\"219\" height=\"135\" srcset=\"http:\/\/hoyaer-eisenbahn.de\/wp-content\/uploads\/2012\/09\/Bruchhausen-1960-09-XX_2-300x185.jpg 300w, http:\/\/hoyaer-eisenbahn.de\/wp-content\/uploads\/2012\/09\/Bruchhausen-1960-09-XX_2.jpg 800w\" sizes=\"(max-width: 219px) 100vw, 219px\" \/><\/a>\u00a0 <a href=\"http:\/\/hoyaer-eisenbahn.de\/wp-content\/uploads\/2012\/09\/Bruchhausen-1964-09-28.jpg\" target=\"_blank\"><img loading=\"lazy\" decoding=\"async\" class=\"alignnone  wp-image-2038\" alt=\"Bruchhausen 1964-09-28\" src=\"http:\/\/hoyaer-eisenbahn.de\/wp-content\/uploads\/2012\/09\/Bruchhausen-1964-09-28-300x182.jpg\" width=\"222\" height=\"135\" srcset=\"http:\/\/hoyaer-eisenbahn.de\/wp-content\/uploads\/2012\/09\/Bruchhausen-1964-09-28-300x182.jpg 300w, http:\/\/hoyaer-eisenbahn.de\/wp-content\/uploads\/2012\/09\/Bruchhausen-1964-09-28.jpg 800w\" sizes=\"(max-width: 222px) 100vw, 222px\" \/><\/a>\u00a0 <a href=\"http:\/\/hoyaer-eisenbahn.de\/wp-content\/uploads\/2012\/09\/Bruchhausen-1960-09-XX_1.jpg\" target=\"_blank\"><img loading=\"lazy\" decoding=\"async\" class=\"alignnone  wp-image-2036\" alt=\"Bruchhausen 1960-09-XX_1\" src=\"http:\/\/hoyaer-eisenbahn.de\/wp-content\/uploads\/2012\/09\/Bruchhausen-1960-09-XX_1-300x183.jpg\" width=\"222\" height=\"135\" srcset=\"http:\/\/hoyaer-eisenbahn.de\/wp-content\/uploads\/2012\/09\/Bruchhausen-1960-09-XX_1-300x183.jpg 300w, http:\/\/hoyaer-eisenbahn.de\/wp-content\/uploads\/2012\/09\/Bruchhausen-1960-09-XX_1.jpg 800w\" sizes=\"(max-width: 222px) 100vw, 222px\" \/><\/a><\/p>\n<h5>1.)\u00a0 Lok 33 &#8222;BRUCHHAUSEN&#8220; steht am 08. Mai 1966 im Bahnhof Bruchhausen-Vilsen.\u00a0 (Bild: Harald O. Kindermann)<br \/>\n2.)\u00a0 Mit einem G\u00fcterzug durchf\u00e4hrt die Lok 33 das Berxer Holz in Richtung Bruchhausen-Vilsen. September 1960.\u00a0 (Bild: Harald O. Kindermann)<br \/>\n3.)\u00a0 Vor dem Lokschuppen in Syke Ost. 28.09.1964\u00a0 (Bild: Harald O. Kindermann)<br \/>\n4.)\u00a0 Im September 1960 f\u00e4hrt die &#8222;BRUCHHAUSEN&#8220; durch Heiligenfelde &#8211; und vorbei am wei\u00dfen Motorroller des Fotografen.\u00a0 (Bild: Harald O. Kindermann)<\/h5>\n<p>&nbsp;<\/p>\n<p><a href=\"http:\/\/hoyaer-eisenbahn.de\/wp-content\/uploads\/2012\/09\/Bruchhausen-1.jpg\" target=\"_blank\"><img loading=\"lazy\" decoding=\"async\" class=\"alignnone  wp-image-1087\" title=\"Bruchhausen 1\" alt=\"\" src=\"http:\/\/hoyaer-eisenbahn.de\/wp-content\/uploads\/2012\/09\/Bruchhausen-1-300x200.jpg\" width=\"180\" height=\"120\" srcset=\"http:\/\/hoyaer-eisenbahn.de\/wp-content\/uploads\/2012\/09\/Bruchhausen-1-300x200.jpg 300w, http:\/\/hoyaer-eisenbahn.de\/wp-content\/uploads\/2012\/09\/Bruchhausen-1.jpg 640w\" sizes=\"(max-width: 180px) 100vw, 180px\" \/><\/a>\u00a0 <a href=\"http:\/\/hoyaer-eisenbahn.de\/wp-content\/uploads\/2012\/09\/Bruchhausen-2.jpg\" target=\"_blank\"><img loading=\"lazy\" decoding=\"async\" class=\"alignnone  wp-image-1088\" title=\"Bruchhausen 2\" alt=\"\" src=\"http:\/\/hoyaer-eisenbahn.de\/wp-content\/uploads\/2012\/09\/Bruchhausen-2-300x200.jpg\" width=\"180\" height=\"120\" srcset=\"http:\/\/hoyaer-eisenbahn.de\/wp-content\/uploads\/2012\/09\/Bruchhausen-2-300x200.jpg 300w, http:\/\/hoyaer-eisenbahn.de\/wp-content\/uploads\/2012\/09\/Bruchhausen-2.jpg 640w\" sizes=\"(max-width: 180px) 100vw, 180px\" \/><\/a><\/p>\n<h5>1. und 2.)\u00a0 Die &#8222;BRUCHHAUSEN&#8220; im Jahr 2012 vor dem Bahnhofsgeb\u00e4ude Bruchhausen-Vilsen.<\/h5>\n<h5><em>Quellen:<\/em><br \/>\n<em> \u2013 Archiv Verkehrsbetriebe Grafschaft Hoya GmbH<br \/>\n<em>\u2013 <\/em>Archiv Deutscher Eisenbahn-Verein e.V.<br \/>\n\u2013 Harald O. Kindermann<br \/>\n<\/em><\/h5>\n<h5><em>\u00a0<\/em><\/h5>\n","protected":false},"excerpt":{"rendered":"<p>Baureihe: &#8211; Hersteller: Hanomag Fabriknummer: 3344 Baujahr: 1899 1899 \u2013 Lieferung an die Kleinbahn Hoya-Syke-Asendorf (HSA) als Lok \u201cBRUCHHAUSEN\u201d 1963 \u2013 an Verkehrsbetriebe Grafschaft Hoya GmbH (VGH) 1966 \u2013 an Deutscher Eisenbahn Verein e.V. (DEV) 1971 &#8211; als Denkmal am &hellip; <a class=\"more-link\" href=\"http:\/\/hoyaer-eisenbahn.de\/?page_id=1079\">Continue reading <span class=\"meta-nav\">&rarr;<\/span><\/a><\/p>\n","protected":false},"author":1,"featured_media":0,"parent":617,"menu_order":0,"comment_status":"closed","ping_status":"closed","template":"onecolumn-page.php","meta":{"footnotes":""},"_links":{"self":[{"href":"http:\/\/hoyaer-eisenbahn.de\/index.php?rest_route=\/wp\/v2\/pages\/1079"}],"collection":[{"href":"http:\/\/hoyaer-eisenbahn.de\/index.php?rest_route=\/wp\/v2\/pages"}],"about":[{"href":"http:\/\/hoyaer-eisenbahn.de\/index.php?rest_route=\/wp\/v2\/types\/page"}],"author":[{"embeddable":true,"href":"http:\/\/hoyaer-eisenbahn.de\/index.php?rest_route=\/wp\/v2\/users\/1"}],"replies":[{"embeddable":true,"href":"http:\/\/hoyaer-eisenbahn.de\/index.php?rest_route=%2Fwp%2Fv2%2Fcomments&post=1079"}],"version-history":[{"count":10,"href":"http:\/\/hoyaer-eisenbahn.de\/index.php?rest_route=\/wp\/v2\/pages\/1079\/revisions"}],"predecessor-version":[{"id":2580,"href":"http:\/\/hoyaer-eisenbahn.de\/index.php?rest_route=\/wp\/v2\/pages\/1079\/revisions\/2580"}],"up":[{"embeddable":true,"href":"http:\/\/hoyaer-eisenbahn.de\/index.php?rest_route=\/wp\/v2\/pages\/617"}],"wp:attachment":[{"href":"http:\/\/hoyaer-eisenbahn.de\/index.php?rest_route=%2Fwp%2Fv2%2Fmedia&parent=1079"}],"curies":[{"name":"wp","href":"https:\/\/api.w.org\/{rel}","templated":true}]}}